CRAN Package Check Results for Package ivdoctr

Last updated on 2022-10-01 21:53:56 CEST.

Flavor Version Tinstall Tcheck Ttotal Status Flags
r-devel-linux-x86_64-debian-clang 1.0.1 37.86 121.69 159.55 OK
r-devel-linux-x86_64-debian-gcc 1.0.1 33.37 90.88 124.25 OK
r-devel-linux-x86_64-fedora-clang 1.0.1 223.47 NOTE
r-devel-linux-x86_64-fedora-gcc 1.0.1 203.82 NOTE
r-devel-windows-x86_64 1.0.1 215.00 173.00 388.00 OK
r-patched-linux-x86_64 1.0.1 34.87 115.01 149.88 OK
r-release-linux-x86_64 1.0.1 32.12 115.04 147.16 OK
r-release-macos-arm64 1.0.1 56.00 NOTE
r-release-macos-x86_64 1.0.1 96.00 NOTE
r-release-windows-x86_64 1.0.1 58.00 172.00 230.00 OK
r-oldrel-macos-arm64 1.0.1 47.00 NOTE
r-oldrel-macos-x86_64 1.0.1 75.00 NOTE
r-oldrel-windows-ix86+x86_64 1.0.1 96.00 205.00 301.00 OK

Check Details

Version: 1.0.1
Check: data for non-ASCII characters
Result: NOTE
     Note: found 58 marked UTF-8 strings
Flavors: r-devel-linux-x86_64-fedora-clang, r-devel-linux-x86_64-fedora-gcc, r-release-macos-arm64, r-release-macos-x86_64, r-oldrel-macos-arm64, r-oldrel-macos-x86_64