CRAN Package Check Results for Package its.analysis

Last updated on 2022-06-26 12:54:49 CEST.

Flavor Version Tinstall Tcheck Ttotal Status Flags
r-devel-linux-x86_64-debian-clang 1.6.0 8.36 83.73 92.09 NOTE
r-devel-linux-x86_64-debian-gcc 1.6.0 5.91 62.04 67.95 NOTE
r-devel-linux-x86_64-fedora-clang 1.6.0 115.49 NOTE
r-devel-linux-x86_64-fedora-gcc 1.6.0 114.00 NOTE
r-devel-windows-x86_64 1.6.0 17.00 106.00 123.00 NOTE
r-patched-linux-x86_64 1.6.0 8.16 77.61 85.77 NOTE
r-release-linux-x86_64 1.6.0 8.56 77.04 85.60 NOTE
r-release-macos-arm64 1.6.0 32.00 NOTE
r-release-macos-x86_64 1.6.0 55.00 NOTE
r-release-windows-x86_64 1.6.0 14.00 104.00 118.00 NOTE
r-oldrel-macos-arm64 1.6.0 39.00 NOTE
r-oldrel-macos-x86_64 1.6.0 63.00 NOTE
r-oldrel-windows-ix86+x86_64 1.6.0 22.00 97.00 119.00 NOTE

Check Details

Version: 1.6.0
Check: LazyData
Result: NOTE
     'LazyData' is specified without a 'data' directory
Flavors: r-devel-linux-x86_64-debian-clang, r-devel-linux-x86_64-debian-gcc, r-devel-linux-x86_64-fedora-clang, r-devel-linux-x86_64-fedora-gcc, r-devel-windows-x86_64, r-patched-linux-x86_64, r-release-linux-x86_64, r-release-macos-arm64, r-release-macos-x86_64, r-release-windows-x86_64, r-oldrel-macos-arm64, r-oldrel-macos-x86_64, r-oldrel-windows-ix86+x86_64