CRAN Package Check Results for Package isocat

Last updated on 2020-11-01 01:47:24 CET.

Flavor Version Tinstall Tcheck Ttotal Status Flags
r-devel-linux-x86_64-debian-clang 0.2.6 9.68 111.47 121.15 OK
r-devel-linux-x86_64-debian-gcc 0.2.6 8.17 82.44 90.61 OK
r-devel-linux-x86_64-fedora-clang 0.2.6 147.68 OK
r-devel-linux-x86_64-fedora-gcc 0.2.6 137.20 OK
r-devel-windows-ix86+x86_64 0.2.6 23.00 102.00 125.00 OK
r-patched-linux-x86_64 0.2.6 8.89 103.85 112.74 OK
r-patched-solaris-x86 0.2.6 194.10 OK
r-release-linux-x86_64 0.2.6 9.70 102.44 112.14 OK
r-release-macos-x86_64 0.2.6 OK
r-release-windows-ix86+x86_64 0.2.6 14.00 133.00 147.00 OK
r-oldrel-macos-x86_64 0.2.6 OK
r-oldrel-windows-ix86+x86_64 0.2.6 17.00 81.00 98.00 WARN

Check Details

Version: 0.2.6
Check: re-building of vignette outputs
Result: WARN
    Error(s) in re-building vignettes:
    --- re-building 'isocat.Rmd' using rmarkdown
    Quitting from lines 16-33 (isocat.Rmd)
    Error: processing vignette 'isocat.Rmd' failed with diagnostics:
    package 'lattice' 0.20.38 was found, but >= 0.20.41 is required by 'rasterVis'
    --- failed re-building 'isocat.Rmd'
    
    SUMMARY: processing the following file failed:
     'isocat.Rmd'
    
    Error: Vignette re-building failed.
    Execution halted
Flavor: r-oldrel-windows-ix86+x86_64