CRAN Package Check Results for Package isoband

Last updated on 2022-09-29 21:49:08 CEST.

Flavor Version Tinstall Tcheck Ttotal Status Flags
r-devel-linux-x86_64-debian-clang 0.2.5 36.78 43.25 80.03 OK
r-devel-linux-x86_64-debian-gcc 0.2.5 30.03 33.51 63.54 OK
r-devel-linux-x86_64-fedora-clang 0.2.5 131.79 OK
r-devel-linux-x86_64-fedora-gcc 0.2.5 126.35 OK
r-devel-windows-x86_64 0.2.5 306.00 101.00 407.00 OK
r-patched-linux-x86_64 0.2.5 41.80 41.18 82.98 OK
r-release-linux-x86_64 0.2.5 41.91 40.43 82.34 OK
r-release-macos-arm64 0.2.5 37.00 NOTE
r-release-macos-x86_64 0.2.5 51.00 NOTE
r-release-windows-x86_64 0.2.5 155.00 106.00 261.00 OK
r-oldrel-macos-arm64 0.2.5 87.00 NOTE
r-oldrel-macos-x86_64 0.2.5 77.00 NOTE
r-oldrel-windows-ix86+x86_64 0.2.5 100.00 101.00 201.00 OK

Additional issues

clang15 clang15

Check Details

Version: 0.2.5
Check: installed package size
Result: NOTE
     installed size is 8.2Mb
     sub-directories of 1Mb or more:
     libs 6.4Mb
Flavors: r-release-macos-arm64, r-release-macos-x86_64, r-oldrel-macos-arm64, r-oldrel-macos-x86_64