CRAN Package Check Results for Package isoband

Last updated on 2020-09-22 14:05:00 CEST.

Flavor Version Tinstall Tcheck Ttotal Status Flags
r-devel-linux-x86_64-debian-clang 0.2.2 39.20 43.79 82.99 OK
r-devel-linux-x86_64-debian-gcc 0.2.2 38.61 33.94 72.55 OK
r-devel-linux-x86_64-fedora-clang 0.2.2 123.41 NOTE
r-devel-linux-x86_64-fedora-gcc 0.2.2 119.22 OK
r-devel-windows-ix86+x86_64 0.2.2 97.00 80.00 177.00 NOTE
r-patched-linux-x86_64 0.2.2 41.10 42.18 83.28 OK
r-patched-solaris-x86 0.2.2 103.10 OK
r-release-linux-x86_64 0.2.2 38.38 42.06 80.44 OK
r-release-macos-x86_64 0.2.2 NOTE
r-release-windows-ix86+x86_64 0.2.2 97.00 94.00 191.00 NOTE
r-oldrel-macos-x86_64 0.2.2 NOTE
r-oldrel-windows-ix86+x86_64 0.2.2 72.00 72.00 144.00 NOTE

Check Details

Version: 0.2.2
Check: installed package size
Result: NOTE
     installed size is 9.7Mb
     sub-directories of 1Mb or more:
     doc 1.1Mb
     libs 6.9Mb
Flavors: r-devel-linux-x86_64-fedora-clang, r-devel-windows-ix86+x86_64, r-release-macos-x86_64, r-release-windows-ix86+x86_64, r-oldrel-macos-x86_64, r-oldrel-windows-ix86+x86_64