CRAN Package Check Results for Package irtQ

Last updated on 2024-06-19 12:27:13 CEST.

Flavor Version Tinstall Tcheck Ttotal Status Flags
r-devel-linux-x86_64-debian-clang 0.2.0 36.88 198.17 235.05 NOTE
r-devel-linux-x86_64-debian-gcc 0.2.0 26.71 144.91 171.62 NOTE
r-devel-linux-x86_64-fedora-clang 0.2.0 285.49 NOTE
r-devel-linux-x86_64-fedora-gcc 0.2.0 276.73 NOTE
r-devel-windows-x86_64 0.2.0 29.00 154.00 183.00 NOTE
r-patched-linux-x86_64 0.2.0 32.86 196.41 229.27 NOTE
r-release-linux-x86_64 0.2.0 23.37 194.02 217.39 NOTE
r-release-macos-arm64 0.2.0 76.00 NOTE
r-release-macos-x86_64 0.2.0 118.00 NOTE
r-release-windows-x86_64 0.2.0 28.00 152.00 180.00 NOTE
r-oldrel-macos-arm64 0.2.0 70.00 OK
r-oldrel-macos-x86_64 0.2.0 150.00 OK
r-oldrel-windows-x86_64 0.2.0 39.00 189.00 228.00 OK

Check Details

Version: 0.2.0
Check: Rd files
Result: NOTE checkRd: (-1) est_mg.Rd:284: Lost braces 284 | item parameter estimates across the groups in the code{\link{est_mg}} function. | ^ checkRd: (-1) llike_score.Rd:22: Lost braces 22 | function. See \code{\link{est_irt}}, \code{\link{irtfit}}, \\code{\link{info}}, | ^ Flavors: r-devel-linux-x86_64-debian-clang, r-devel-linux-x86_64-debian-gcc, r-devel-linux-x86_64-fedora-clang, r-devel-linux-x86_64-fedora-gcc, r-devel-windows-x86_64, r-patched-linux-x86_64, r-release-linux-x86_64, r-release-macos-arm64, r-release-macos-x86_64, r-release-windows-x86_64