CRAN Package Check Results for Package irtGUI

Last updated on 2022-08-12 06:49:22 CEST.

Flavor Version Tinstall Tcheck Ttotal Status Flags
r-devel-linux-x86_64-debian-clang 0.2 12.32 96.29 108.61 NOTE
r-devel-linux-x86_64-debian-gcc 0.2 9.39 75.06 84.45 NOTE
r-devel-linux-x86_64-fedora-clang 0.2 148.18 NOTE
r-devel-linux-x86_64-fedora-gcc 0.2 153.38 NOTE
r-devel-windows-x86_64 0.2 18.00 114.00 132.00 NOTE
r-patched-linux-x86_64 0.2 11.89 94.29 106.18 NOTE
r-release-linux-x86_64 0.2 8.88 94.92 103.80 NOTE
r-release-macos-arm64 0.2 38.00 NOTE
r-release-macos-x86_64 0.2 79.00 NOTE
r-release-windows-x86_64 0.2 17.00 122.00 139.00 NOTE
r-oldrel-macos-arm64 0.2 57.00 NOTE
r-oldrel-macos-x86_64 0.2 79.00 NOTE
r-oldrel-windows-ix86+x86_64 0.2 29.00 113.00 142.00 NOTE

Check Details

Version: 0.2
Check: LazyData
Result: NOTE
     'LazyData' is specified without a 'data' directory
Flavors: r-devel-linux-x86_64-debian-clang, r-devel-linux-x86_64-debian-gcc, r-devel-linux-x86_64-fedora-clang, r-devel-linux-x86_64-fedora-gcc, r-devel-windows-x86_64, r-patched-linux-x86_64, r-release-linux-x86_64, r-release-macos-arm64, r-release-macos-x86_64, r-release-windows-x86_64, r-oldrel-macos-arm64, r-oldrel-macos-x86_64, r-oldrel-windows-ix86+x86_64