CRAN Package Check Results for Package iq

Last updated on 2022-09-28 00:52:44 CEST.

Flavor Version Tinstall Tcheck Ttotal Status Flags
r-devel-linux-x86_64-debian-clang 1.9.6 26.21 35.91 62.12 OK
r-devel-linux-x86_64-debian-gcc 1.9.6 20.14 28.56 48.70 OK
r-devel-linux-x86_64-fedora-clang 1.9.6 93.29 OK
r-devel-linux-x86_64-fedora-gcc 1.9.6 88.29 OK
r-devel-windows-x86_64 1.9.6 29.00 103.00 132.00 OK
r-patched-linux-x86_64 1.9.6 20.82 31.99 52.81 OK
r-release-linux-x86_64 1.9.6 19.21 36.52 55.73 OK
r-release-macos-arm64 1.9.6 31.00 NOTE
r-release-macos-x86_64 1.9.6 42.00 NOTE
r-release-windows-x86_64 1.9.6 27.00 96.00 123.00 OK
r-oldrel-macos-arm64 1.9.6 30.00 NOTE
r-oldrel-macos-x86_64 1.9.6 41.00 NOTE
r-oldrel-windows-ix86+x86_64 1.9.6 57.00 84.00 141.00 OK

Check Details

Version: 1.9.6
Check: installed package size
Result: NOTE
     installed size is 7.4Mb
     sub-directories of 1Mb or more:
     libs 6.8Mb
Flavors: r-release-macos-arm64, r-release-macos-x86_64, r-oldrel-macos-arm64, r-oldrel-macos-x86_64