Last updated on 2023-06-02 12:57:17 CEST.
Flavor | Version | Tinstall | Tcheck | Ttotal | Status | Flags |
---|---|---|---|---|---|---|
r-devel-linux-x86_64-debian-clang | 1.0.1 | 86.89 | 440.43 | 527.32 | NOTE | |
r-devel-linux-x86_64-debian-gcc | 1.0.1 | 69.03 | 336.91 | 405.94 | NOTE | |
r-devel-linux-x86_64-fedora-clang | 1.0.1 | 669.72 | NOTE | |||
r-devel-linux-x86_64-fedora-gcc | 1.0.1 | 717.97 | NOTE | |||
r-devel-windows-x86_64 | 1.0.1 | 70.00 | 315.00 | 385.00 | NOTE | |
r-patched-linux-x86_64 | 1.0.1 | NOTE | ||||
r-release-linux-x86_64 | 1.0.1 | 67.74 | 426.41 | 494.15 | NOTE | |
r-release-macos-arm64 | 1.0.1 | 189.00 | NOTE | |||
r-release-macos-x86_64 | 1.0.1 | 366.00 | NOTE | |||
r-release-windows-x86_64 | 1.0.1 | 90.00 | 429.00 | 519.00 | NOTE | |
r-oldrel-macos-arm64 | 1.0.1 | 152.00 | OK | |||
r-oldrel-macos-x86_64 | 1.0.1 | 255.00 | OK | |||
r-oldrel-windows-x86_64 | 1.0.1 | 88.00 | 422.00 | 510.00 | OK |
Version: 1.0.1
Check: C++ specification
Result: NOTE
Specified C++11: please drop specification unless essential
Flavors: r-devel-linux-x86_64-debian-clang, r-devel-linux-x86_64-debian-gcc, r-devel-linux-x86_64-fedora-clang, r-devel-linux-x86_64-fedora-gcc, r-devel-windows-x86_64, r-patched-linux-x86_64, r-release-linux-x86_64, r-release-macos-arm64, r-release-macos-x86_64, r-release-windows-x86_64