Last updated on 2022-08-10 21:53:44 CEST.
Flavor | Version | Tinstall | Tcheck | Ttotal | Status | Flags |
---|---|---|---|---|---|---|
r-devel-linux-x86_64-debian-clang | 0.2.3 | 15.97 | 156.68 | 172.65 | NOTE | |
r-devel-linux-x86_64-debian-gcc | 0.2.3 | 14.69 | 112.76 | 127.45 | NOTE | |
r-devel-linux-x86_64-fedora-clang | 0.2.3 | 213.60 | NOTE | |||
r-devel-linux-x86_64-fedora-gcc | 0.2.3 | 206.61 | NOTE | |||
r-devel-windows-x86_64 | 0.2.3 | 28.00 | 171.00 | 199.00 | NOTE | |
r-patched-linux-x86_64 | 0.2.3 | 14.34 | 142.81 | 157.15 | NOTE | |
r-release-linux-x86_64 | 0.2.3 | NOTE | ||||
r-release-macos-arm64 | 0.2.3 | 62.00 | NOTE | |||
r-release-macos-x86_64 | 0.2.3 | 93.00 | NOTE | |||
r-release-windows-x86_64 | 0.2.3 | 25.00 | 174.00 | 199.00 | NOTE | |
r-oldrel-macos-arm64 | 0.2.3 | 81.00 | NOTE | |||
r-oldrel-macos-x86_64 | 0.2.3 | 132.00 | NOTE | |||
r-oldrel-windows-ix86+x86_64 | 0.2.3 | 33.00 | 164.00 | 197.00 | NOTE |
Version: 0.2.3
Check: LazyData
Result: NOTE
'LazyData' is specified without a 'data' directory
Flavors: r-devel-linux-x86_64-debian-clang, r-devel-linux-x86_64-debian-gcc, r-devel-linux-x86_64-fedora-clang, r-devel-linux-x86_64-fedora-gcc, r-devel-windows-x86_64, r-patched-linux-x86_64, r-release-linux-x86_64, r-release-macos-arm64, r-release-macos-x86_64, r-release-windows-x86_64, r-oldrel-macos-arm64, r-oldrel-macos-x86_64, r-oldrel-windows-ix86+x86_64