CRAN Package Check Results for Package interactions

Last updated on 2025-01-24 21:48:27 CET.

Flavor Version Tinstall Tcheck Ttotal Status Flags
r-devel-linux-x86_64-debian-clang 1.2.0 9.93 251.81 261.74 OK
r-devel-linux-x86_64-debian-gcc 1.2.0 6.85 168.82 175.67 OK
r-devel-linux-x86_64-fedora-clang 1.2.0 425.09 NOTE
r-devel-linux-x86_64-fedora-gcc 1.2.0 431.40 NOTE
r-devel-windows-x86_64 1.2.0 10.00 223.00 233.00 OK
r-patched-linux-x86_64 1.2.0 10.58 230.46 241.04 OK
r-release-linux-x86_64 1.2.0 10.40 235.90 246.30 OK
r-release-macos-arm64 1.2.0 115.00 OK
r-release-macos-x86_64 1.2.0 347.00 OK
r-release-windows-x86_64 1.2.0 10.00 219.00 229.00 OK
r-oldrel-macos-arm64 1.2.0 138.00 OK
r-oldrel-macos-x86_64 1.2.0 294.00 OK
r-oldrel-windows-x86_64 1.2.0 16.00 289.00 305.00 OK

Check Details

Version: 1.2.0
Check: dependencies in R code
Result: NOTE Namespace in Imports field not imported from: ‘broom’ All declared Imports should be used. Flavors: r-devel-linux-x86_64-fedora-clang, r-devel-linux-x86_64-fedora-gcc