CRAN Package Check Results for Package intcensROC

Last updated on 2020-09-22 14:05:00 CEST.

Flavor Version Tinstall Tcheck Ttotal Status Flags
r-devel-linux-x86_64-debian-clang 0.1.1 53.09 35.16 88.25 OK
r-devel-linux-x86_64-debian-gcc 0.1.1 46.21 29.59 75.80 OK
r-devel-linux-x86_64-fedora-clang 0.1.1 146.58 NOTE
r-devel-linux-x86_64-fedora-gcc 0.1.1 129.18 OK
r-devel-windows-ix86+x86_64 0.1.1 139.00 74.00 213.00 OK
r-patched-linux-x86_64 0.1.1 50.88 36.48 87.36 OK
r-patched-solaris-x86 0.1.1 117.80 OK
r-release-linux-x86_64 0.1.1 48.52 36.45 84.97 OK
r-release-macos-x86_64 0.1.1 NOTE
r-release-windows-ix86+x86_64 0.1.1 136.00 64.00 200.00 OK
r-oldrel-macos-x86_64 0.1.1 NOTE
r-oldrel-windows-ix86+x86_64 0.1.1 90.00 88.00 178.00 OK

Check Details

Version: 0.1.1
Check: installed package size
Result: NOTE
     installed size is 10.9Mb
     sub-directories of 1Mb or more:
     libs 10.6Mb
Flavors: r-devel-linux-x86_64-fedora-clang, r-release-macos-x86_64, r-oldrel-macos-x86_64