Last updated on 2023-02-08 06:56:28 CET.
Flavor | Version | Tinstall | Tcheck | Ttotal | Status | Flags |
---|---|---|---|---|---|---|
r-devel-linux-x86_64-debian-clang | 1.0.0 | 45.22 | 412.21 | 457.43 | NOTE | |
r-devel-linux-x86_64-debian-gcc | 1.0.0 | 37.26 | 295.06 | 332.32 | NOTE | |
r-devel-linux-x86_64-fedora-clang | 1.0.0 | 541.65 | OK | |||
r-devel-linux-x86_64-fedora-gcc | 1.0.0 | 572.22 | OK | |||
r-devel-windows-x86_64 | 1.0.0 | 54.00 | 434.00 | 488.00 | NOTE | |
r-patched-linux-x86_64 | 1.0.0 | 40.98 | 376.44 | 417.42 | NOTE | |
r-release-linux-x86_64 | 1.0.0 | 33.91 | 389.05 | 422.96 | NOTE | |
r-release-macos-arm64 | 1.0.0 | 104.00 | NOTE | |||
r-release-macos-x86_64 | 1.0.0 | 167.00 | NOTE | |||
r-release-windows-x86_64 | 1.0.0 | 53.00 | 437.00 | 490.00 | NOTE | |
r-oldrel-macos-arm64 | 1.0.0 | 104.00 | NOTE | |||
r-oldrel-macos-x86_64 | 1.0.0 | 159.00 | NOTE | |||
r-oldrel-windows-ix86+x86_64 | 1.0.0 | 257.00 | 425.00 | 682.00 | OK |
Version: 1.0.0
Check: package dependencies
Result: NOTE
Package suggested but not available for checking: ‘INLA’
Flavors: r-devel-linux-x86_64-debian-clang, r-devel-linux-x86_64-debian-gcc, r-devel-windows-x86_64, r-patched-linux-x86_64, r-release-linux-x86_64, r-release-macos-arm64, r-release-macos-x86_64, r-release-windows-x86_64, r-oldrel-macos-arm64, r-oldrel-macos-x86_64