CRAN Package Check Results for Package innsight

Last updated on 2022-08-16 06:52:26 CEST.

Flavor Version Tinstall Tcheck Ttotal Status Flags
r-devel-linux-x86_64-debian-clang 0.1.0 14.54 87.21 101.75 NOTE
r-devel-linux-x86_64-debian-gcc 0.1.0 11.40 65.31 76.71 NOTE
r-devel-linux-x86_64-fedora-clang 0.1.0 137.14 NOTE
r-devel-linux-x86_64-fedora-gcc 0.1.0 140.17 NOTE
r-devel-windows-x86_64 0.1.0 25.00 116.00 141.00 OK
r-patched-linux-x86_64 0.1.0 14.42 82.01 96.43 OK
r-release-linux-x86_64 0.1.0 14.75 79.59 94.34 OK
r-release-macos-arm64 0.1.0 38.00 OK
r-release-macos-x86_64 0.1.0 64.00 OK
r-release-windows-x86_64 0.1.0 37.00 120.00 157.00 OK
r-oldrel-macos-arm64 0.1.0 54.00 OK
r-oldrel-macos-x86_64 0.1.0 49.00 OK
r-oldrel-windows-ix86+x86_64 0.1.0 29.00 115.00 144.00 WARN

Check Details

Version: 0.1.0
Check: HTML version of manual
Result: NOTE
    Found the following HTML validation problems:
    DeepLift.html:93:6: Warning: missing </span> before <p>
    DeepLift.html:93:105: Warning: inserting implicit <span>
    DeepLift.html:93:6: Warning: trimming empty <span>
    Gradient.html:64:6: Warning: missing </span> before <p>
    Gradient.html:64:105: Warning: inserting implicit <span>
    Gradient.html:67:6: Warning: missing </span> before <p>
    Gradient.html:67:97: Warning: inserting implicit <span>
    Gradient.html:70:6: Warning: missing </span> before <p>
    Gradient.html:70:94: Warning: inserting implicit <span>
    Gradient.html:64:6: Warning: trimming empty <span>
    Gradient.html:67:6: Warning: trimming empty <span>
    Gradient.html:70:6: Warning: trimming empty <span>
    GradientBased.html:84:6: Warning: missing </span> before <p>
    GradientBased.html:84:105: Warning: inserting implicit <span>
    GradientBased.html:84:6: Warning: trimming empty <span>
    LRP.html:89:6: Warning: missing </span> before <p>
    LRP.html:89:105: Warning: inserting implicit <span>
    LRP.html:89:6: Warning: trimming empty <span>
    SmoothGrad.html:74:6: Warning: missing </span> before <p>
    SmoothGrad.html:74:105: Warning: inserting implicit <span>
    SmoothGrad.html:77:6: Warning: missing </span> before <p>
    SmoothGrad.html:77:97: Warning: inserting implicit <span>
    SmoothGrad.html:80:6: Warning: missing </span> before <p>
    SmoothGrad.html:80:94: Warning: inserting implicit <span>
    SmoothGrad.html:74:6: Warning: trimming empty <span>
    SmoothGrad.html:77:6: Warning: trimming empty <span>
    SmoothGrad.html:80:6: Warning: trimming empty <span>
Flavors: r-devel-linux-x86_64-debian-clang, r-devel-linux-x86_64-debian-gcc, r-devel-linux-x86_64-fedora-clang, r-devel-linux-x86_64-fedora-gcc

Version: 0.1.0
Check: re-building of vignette outputs
Result: WARN
    Error(s) in re-building vignettes:
    --- re-building 'Custom_Model_Definition.Rmd' using rmarkdown
    --- finished re-building 'Custom_Model_Definition.Rmd'
    
    --- re-building 'innsight.Rmd' using rmarkdown
    Warning in system2(command = python, args = shQuote(script), stdout = TRUE, :
     running command '"C:/Users/CRAN/AppData/Local/r-miniconda/envs/r-reticulate/python.exe" "D:/temp/RtmpSoTnyw/RLIBS_1a79c6e4b673e/reticulate/config/config.py"' had status 5
    SUMMARY: processing the following file failed:
     'innsight.Rmd'
    
    Error: Vignette re-building failed.
    Execution halted
Flavor: r-oldrel-windows-ix86+x86_64