CRAN Package Check Results for Package infraFDTD.assist

Last updated on 2023-10-03 19:05:55 CEST.

Flavor Version Tinstall Tcheck Ttotal Status Flags
r-devel-linux-x86_64-debian-clang 0.6 2.90 25.27 28.17 NOTE
r-devel-linux-x86_64-debian-gcc 0.6 1.85 19.52 21.37 NOTE
r-devel-linux-x86_64-fedora-clang 0.6 34.07 NOTE
r-devel-linux-x86_64-fedora-gcc 0.6 33.67 NOTE
r-devel-windows-x86_64 0.6 3.00 41.00 44.00 OK
r-patched-linux-x86_64 0.6 2.15 24.89 27.04 NOTE
r-release-linux-x86_64 0.6 1.99 24.69 26.68 NOTE
r-release-macos-arm64 0.6 17.00 OK
r-release-macos-x86_64 0.6 21.00 OK
r-release-windows-x86_64 0.6 4.00 42.00 46.00 OK
r-oldrel-macos-arm64 0.6 20.00 OK
r-oldrel-macos-x86_64 0.6 30.00 OK
r-oldrel-windows-x86_64 0.6 4.00 45.00 49.00 OK

Check Details

Version: 0.6
Check: for non-standard things in the check directory
Result: NOTE
    Found the following files/directories:
     ‘c.txt’ ‘rho.txt’ ‘sta.txt’ ‘topo.txt’
Flavors: r-devel-linux-x86_64-debian-clang, r-devel-linux-x86_64-debian-gcc, r-devel-linux-x86_64-fedora-clang, r-devel-linux-x86_64-fedora-gcc, r-patched-linux-x86_64, r-release-linux-x86_64