CRAN Package Check Results for Package infraFDTD.assist

Last updated on 2020-05-25 01:48:55 CEST.

Flavor Version Tinstall Tcheck Ttotal Status Flags
r-devel-linux-x86_64-debian-clang 0.6 2.86 22.49 25.35 NOTE
r-devel-linux-x86_64-debian-gcc 0.6 2.15 18.10 20.25 NOTE
r-devel-linux-x86_64-fedora-clang 0.6 30.68 NOTE
r-devel-linux-x86_64-fedora-gcc 0.6 30.01 NOTE
r-devel-windows-ix86+x86_64 0.6 10.00 37.00 47.00 OK
r-patched-linux-x86_64 0.6 2.63 22.32 24.95 NOTE
r-patched-solaris-x86 0.6 44.60 NOTE
r-release-linux-x86_64 0.6 2.66 22.50 25.16 NOTE
r-release-osx-x86_64 0.6 OK
r-release-windows-ix86+x86_64 0.6 7.00 54.00 61.00 OK
r-oldrel-osx-x86_64 0.6 OK
r-oldrel-windows-ix86+x86_64 0.6 4.00 46.00 50.00 OK

Check Details

Version: 0.6
Check: for non-standard things in the check directory
Result: NOTE
    Found the following files/directories:
     'c.txt' 'rho.txt' 'sta.txt' 'topo.txt'
Flavors: r-devel-linux-x86_64-debian-clang, r-devel-linux-x86_64-debian-gcc, r-devel-linux-x86_64-fedora-clang, r-devel-linux-x86_64-fedora-gcc, r-patched-linux-x86_64, r-patched-solaris-x86, r-release-linux-x86_64