CRAN Package Check Results for Package influenceAUC

Last updated on 2022-10-01 01:49:06 CEST.

Flavor Version Tinstall Tcheck Ttotal Status Flags
r-devel-linux-x86_64-debian-clang 0.1.2 7.03 62.76 69.79 NOTE
r-devel-linux-x86_64-debian-gcc 0.1.2 5.72 51.42 57.14 NOTE
r-devel-linux-x86_64-fedora-clang 0.1.2 101.37 NOTE
r-devel-linux-x86_64-fedora-gcc 0.1.2 96.37 NOTE
r-devel-windows-x86_64 0.1.2 24.00 91.00 115.00 NOTE
r-patched-linux-x86_64 0.1.2 6.28 63.65 69.93 NOTE
r-release-linux-x86_64 0.1.2 6.97 62.85 69.82 NOTE
r-release-macos-arm64 0.1.2 28.00 NOTE
r-release-macos-x86_64 0.1.2 55.00 NOTE
r-release-windows-x86_64 0.1.2 17.00 91.00 108.00 NOTE
r-oldrel-macos-arm64 0.1.2 31.00 NOTE
r-oldrel-macos-x86_64 0.1.2 54.00 NOTE
r-oldrel-windows-ix86+x86_64 0.1.2 16.00 88.00 104.00 NOTE

Check Details

Version: 0.1.2
Check: LazyData
Result: NOTE
     'LazyData' is specified without a 'data' directory
Flavors: r-devel-linux-x86_64-debian-clang, r-devel-linux-x86_64-debian-gcc, r-devel-linux-x86_64-fedora-clang, r-devel-linux-x86_64-fedora-gcc, r-devel-windows-x86_64, r-patched-linux-x86_64, r-release-linux-x86_64, r-release-macos-arm64, r-release-macos-x86_64, r-release-windows-x86_64, r-oldrel-macos-arm64, r-oldrel-macos-x86_64, r-oldrel-windows-ix86+x86_64