Last updated on 2023-12-02 00:51:59 CET.
Flavor | Version | Tinstall | Tcheck | Ttotal | Status | Flags |
---|---|---|---|---|---|---|
r-devel-linux-x86_64-debian-clang | 1.3 | 8.57 | 77.92 | 86.49 | NOTE | |
r-devel-linux-x86_64-debian-gcc | 1.3 | 7.99 | 60.07 | 68.06 | NOTE | |
r-devel-linux-x86_64-fedora-clang | 1.3 | 108.79 | NOTE | |||
r-devel-linux-x86_64-fedora-gcc | 1.3 | 105.47 | NOTE | |||
r-devel-windows-x86_64 | 1.3 | 9.00 | 78.00 | 87.00 | NOTE | |
r-patched-linux-x86_64 | 1.3 | 10.52 | 75.74 | 86.26 | OK | |
r-release-linux-x86_64 | 1.3 | 8.86 | 76.27 | 85.13 | OK | |
r-release-macos-arm64 | 1.3 | 40.00 | OK | |||
r-release-macos-x86_64 | 1.3 | 58.00 | OK | |||
r-release-windows-x86_64 | 1.3 | 10.00 | 88.00 | 98.00 | OK | |
r-oldrel-macos-arm64 | 1.3 | 48.00 | OK | |||
r-oldrel-macos-x86_64 | 1.3 | 46.00 | OK | |||
r-oldrel-windows-x86_64 | 1.3 | 11.00 | 92.00 | 103.00 | OK |
Version: 1.3
Check: Rd metadata
Result: NOTE
Rd files without \alias:
‘imputeYn-package.Rd’
Flavors: r-devel-linux-x86_64-debian-clang, r-devel-linux-x86_64-debian-gcc, r-devel-linux-x86_64-fedora-clang, r-devel-linux-x86_64-fedora-gcc, r-devel-windows-x86_64