CRAN Package Check Results for Package impactflu

Last updated on 2022-10-03 21:53:39 CEST.

Flavor Version Tinstall Tcheck Ttotal Status Flags
r-devel-linux-x86_64-debian-clang 0.1.0 31.47 40.18 71.65 NOTE
r-devel-linux-x86_64-debian-gcc 0.1.0 25.23 45.65 70.88 NOTE
r-devel-linux-x86_64-fedora-clang 0.1.0 137.23 NOTE
r-devel-linux-x86_64-fedora-gcc 0.1.0 125.40 NOTE
r-devel-windows-x86_64 0.1.0 32.00 104.00 136.00 NOTE
r-patched-linux-x86_64 0.1.0 29.36 52.61 81.97 NOTE
r-release-linux-x86_64 0.1.0 25.61 56.99 82.60 NOTE
r-release-macos-arm64 0.1.0 31.00 NOTE
r-release-macos-x86_64 0.1.0 56.00 NOTE
r-release-windows-x86_64 0.1.0 34.00 99.00 133.00 NOTE
r-oldrel-macos-arm64 0.1.0 40.00 NOTE
r-oldrel-macos-x86_64 0.1.0 57.00 NOTE
r-oldrel-windows-ix86+x86_64 0.1.0 82.00 121.00 203.00 NOTE

Check Details

Version: 0.1.0
Check: LazyData
Result: NOTE
     'LazyData' is specified without a 'data' directory
Flavors: r-devel-linux-x86_64-debian-clang, r-devel-linux-x86_64-debian-gcc, r-devel-linux-x86_64-fedora-clang, r-devel-linux-x86_64-fedora-gcc, r-devel-windows-x86_64, r-patched-linux-x86_64, r-release-linux-x86_64, r-release-macos-arm64, r-release-macos-x86_64, r-release-windows-x86_64, r-oldrel-macos-arm64, r-oldrel-macos-x86_64, r-oldrel-windows-ix86+x86_64