CRAN Package Check Results for Package imgrec

Last updated on 2022-08-11 06:51:46 CEST.

Flavor Version Tinstall Tcheck Ttotal Status Flags
r-devel-linux-x86_64-debian-clang 0.1.3 5.63 51.92 57.55 OK
r-devel-linux-x86_64-debian-gcc 0.1.3 4.09 40.34 44.43 OK
r-devel-linux-x86_64-fedora-clang 0.1.3 80.94 NOTE
r-devel-linux-x86_64-fedora-gcc 0.1.3 78.84 NOTE
r-devel-windows-x86_64 0.1.3 13.00 82.00 95.00 OK
r-patched-linux-x86_64 0.1.3 4.74 42.46 47.20 OK
r-release-linux-x86_64 0.1.3 OK
r-release-macos-arm64 0.1.3 26.00 NOTE
r-release-macos-x86_64 0.1.3 43.00 NOTE
r-release-windows-x86_64 0.1.3 10.00 81.00 91.00 OK
r-oldrel-macos-arm64 0.1.3 28.00 NOTE
r-oldrel-macos-x86_64 0.1.3 34.00 NOTE
r-oldrel-windows-ix86+x86_64 0.1.3 15.00 72.00 87.00 OK

Check Details

Version: 0.1.3
Check: dependencies in R code
Result: NOTE
    Namespace in Imports field not imported from: ‘knitr’
     All declared Imports should be used.
Flavors: r-devel-linux-x86_64-fedora-clang, r-devel-linux-x86_64-fedora-gcc, r-release-macos-arm64, r-release-macos-x86_64, r-oldrel-macos-arm64, r-oldrel-macos-x86_64