CRAN Package Check Results for Package imageviewer

Last updated on 2024-06-19 00:49:31 CEST.

Flavor Version Tinstall Tcheck Ttotal Status Flags
r-devel-linux-x86_64-debian-clang 0.1.0 4.38 28.64 33.02 NOTE
r-devel-linux-x86_64-debian-gcc 0.1.0 2.21 22.17 24.38 NOTE
r-devel-linux-x86_64-fedora-clang 0.1.0 39.51 NOTE
r-devel-linux-x86_64-fedora-gcc 0.1.0 38.19 NOTE
r-devel-windows-x86_64 0.1.0 6.00 42.00 48.00 NOTE
r-patched-linux-x86_64 0.1.0 4.32 27.69 32.01 NOTE
r-release-linux-x86_64 0.1.0 3.66 27.16 30.82 NOTE
r-release-macos-arm64 0.1.0 17.00 NOTE
r-release-macos-x86_64 0.1.0 24.00 NOTE
r-release-windows-x86_64 0.1.0 6.00 44.00 50.00 NOTE
r-oldrel-macos-arm64 0.1.0 21.00 NOTE
r-oldrel-macos-x86_64 0.1.0 24.00 NOTE
r-oldrel-windows-x86_64 0.1.0 6.00 46.00 52.00 NOTE

Check Details

Version: 0.1.0
Check: LazyData
Result: NOTE 'LazyData' is specified without a 'data' directory Flavors: r-devel-linux-x86_64-debian-clang, r-devel-linux-x86_64-debian-gcc, r-devel-linux-x86_64-fedora-clang, r-devel-linux-x86_64-fedora-gcc, r-devel-windows-x86_64, r-patched-linux-x86_64, r-release-linux-x86_64, r-release-macos-arm64, r-release-macos-x86_64, r-release-windows-x86_64, r-oldrel-macos-arm64, r-oldrel-macos-x86_64, r-oldrel-windows-x86_64