CRAN Package Check Results for Package imager

Last updated on 2020-09-20 07:51:31 CEST.

Flavor Version Tinstall Tcheck Ttotal Status Flags
r-devel-linux-x86_64-debian-clang 0.42.3 628.28 166.51 794.79 OK
r-devel-linux-x86_64-debian-gcc 0.42.3 586.47 131.62 718.09 OK
r-devel-linux-x86_64-fedora-clang 0.42.3 1127.80 NOTE
r-devel-linux-x86_64-fedora-gcc 0.42.3 1173.90 OK
r-devel-windows-ix86+x86_64 0.42.3 1401.00 303.00 1704.00 NOTE
r-patched-linux-x86_64 0.42.3 604.23 155.51 759.74 OK
r-patched-solaris-x86 0.42.3 994.40 NOTE
r-release-linux-x86_64 0.42.3 581.27 156.00 737.27 OK
r-release-macos-x86_64 0.42.3 NOTE
r-release-windows-ix86+x86_64 0.42.3 1363.00 362.00 1725.00 NOTE
r-oldrel-macos-x86_64 0.42.3 NOTE
r-oldrel-windows-ix86+x86_64 0.42.3 897.00 354.00 1251.00 NOTE

Check Details

Version: 0.42.3
Check: installed package size
Result: NOTE
     installed size is 51.7Mb
     sub-directories of 1Mb or more:
     data 1.4Mb
     doc 1.1Mb
     extdata 1.1Mb
     include 3.0Mb
     libs 44.4Mb
Flavors: r-devel-linux-x86_64-fedora-clang, r-devel-windows-ix86+x86_64, r-patched-solaris-x86, r-release-macos-x86_64, r-release-windows-ix86+x86_64, r-oldrel-macos-x86_64, r-oldrel-windows-ix86+x86_64