CRAN Package Check Results for Package image.textlinedetector

Last updated on 2022-09-28 06:54:09 CEST.

Flavor Version Tinstall Tcheck Ttotal Status Flags
r-devel-linux-x86_64-debian-clang 0.2.1 103.85 138.24 242.09 OK
r-devel-linux-x86_64-debian-gcc 0.2.1 72.87 40.59 113.46 OK
r-devel-linux-x86_64-fedora-gcc 0.2.1 250.97 OK
r-devel-windows-x86_64 0.2.1 471.00 151.00 622.00 NOTE
r-patched-linux-x86_64 0.2.1 80.74 34.20 114.94 OK
r-release-linux-x86_64 0.2.1 77.52 46.76 124.28 OK
r-release-macos-arm64 0.2.1 50.00 NOTE
r-release-macos-x86_64 0.2.1 76.00 NOTE
r-release-windows-x86_64 0.2.1 548.00 151.00 699.00 NOTE
r-oldrel-macos-arm64 0.2.1 53.00 NOTE
r-oldrel-macos-x86_64 0.2.1 84.00 NOTE
r-oldrel-windows-ix86+x86_64 0.2.1 271.00 162.00 433.00 NOTE

Check Details

Version: 0.2.1
Check: installed package size
Result: NOTE
     installed size is 21.6Mb
     sub-directories of 1Mb or more:
     libs 10.5Mb
     share 10.2Mb
Flavors: r-devel-windows-x86_64, r-release-macos-arm64, r-release-macos-x86_64, r-release-windows-x86_64, r-oldrel-macos-arm64, r-oldrel-macos-x86_64, r-oldrel-windows-ix86+x86_64