CRAN Package Check Results for Package image.dlib

Last updated on 2022-10-03 18:52:09 CEST.

Flavor Version Tinstall Tcheck Ttotal Status Flags
r-devel-linux-x86_64-debian-clang 0.1.0 63.59 28.55 92.14 OK
r-devel-linux-x86_64-debian-gcc 0.1.0 55.10 23.53 78.63 OK
r-devel-linux-x86_64-fedora-clang 0.1.0 149.47 NOTE
r-devel-linux-x86_64-fedora-gcc 0.1.0 139.11 OK
r-devel-windows-x86_64 0.1.0 1209.00 110.00 1319.00 NOTE
r-patched-linux-x86_64 0.1.0 53.51 28.71 82.22 OK
r-release-linux-x86_64 0.1.0 56.23 28.57 84.80 OK
r-release-macos-arm64 0.1.0 37.00 NOTE
r-release-macos-x86_64 0.1.0 52.00 NOTE
r-release-windows-x86_64 0.1.0 1093.00 90.00 1183.00 NOTE
r-oldrel-macos-arm64 0.1.0 43.00 NOTE
r-oldrel-macos-x86_64 0.1.0 75.00 NOTE
r-oldrel-windows-ix86+x86_64 0.1.0 180.00 97.00 277.00 NOTE

Check Details

Version: 0.1.0
Check: installed package size
Result: NOTE
     installed size is 10.7Mb
     sub-directories of 1Mb or more:
     dlib-19.20 9.3Mb
Flavors: r-devel-linux-x86_64-fedora-clang, r-devel-windows-x86_64, r-release-macos-arm64, r-release-macos-x86_64, r-release-windows-x86_64, r-oldrel-macos-arm64, r-oldrel-macos-x86_64, r-oldrel-windows-ix86+x86_64