CRAN Package Check Results for Package image.dlib

Last updated on 2020-10-26 13:47:00 CET.

Flavor Version Tinstall Tcheck Ttotal Status Flags
r-devel-linux-x86_64-debian-clang 0.1.0 70.97 27.63 98.60 OK
r-devel-linux-x86_64-debian-gcc 0.1.0 53.94 20.85 74.79 OK
r-devel-linux-x86_64-fedora-clang 0.1.0 139.19 NOTE
r-devel-linux-x86_64-fedora-gcc 0.1.0 134.91 OK
r-devel-windows-ix86+x86_64 0.1.0 174.00 80.00 254.00 NOTE
r-patched-linux-x86_64 0.1.0 64.06 24.80 88.86 OK
r-patched-solaris-x86 0.1.0 124.70 NOTE
r-release-linux-x86_64 0.1.0 63.58 25.58 89.16 OK
r-release-macos-x86_64 0.1.0 NOTE
r-release-windows-ix86+x86_64 0.1.0 126.00 60.00 186.00 NOTE
r-oldrel-macos-x86_64 0.1.0 NOTE
r-oldrel-windows-ix86+x86_64 0.1.0 160.00 67.00 227.00 NOTE

Check Details

Version: 0.1.0
Check: installed package size
Result: NOTE
     installed size is 14.3Mb
     sub-directories of 1Mb or more:
     dlib-19.20 9.3Mb
     libs 4.4Mb
Flavors: r-devel-linux-x86_64-fedora-clang, r-devel-windows-ix86+x86_64, r-patched-solaris-x86, r-release-macos-x86_64, r-release-windows-ix86+x86_64, r-oldrel-macos-x86_64, r-oldrel-windows-ix86+x86_64