CRAN Package Check Results for Package ihpdr

Last updated on 2022-08-11 12:55:33 CEST.

Flavor Version Tinstall Tcheck Ttotal Status Flags
r-devel-linux-x86_64-debian-clang 1.2.1 6.42 60.87 67.29 NOTE
r-devel-linux-x86_64-debian-gcc 1.2.1 4.80 46.46 51.26 NOTE
r-devel-linux-x86_64-fedora-clang 1.2.1 93.72 NOTE
r-devel-linux-x86_64-fedora-gcc 1.2.1 89.85 NOTE
r-devel-windows-x86_64 1.2.1 14.00 86.00 100.00 NOTE
r-patched-linux-x86_64 1.2.1 6.19 54.75 60.94 NOTE
r-release-linux-x86_64 1.2.1 NOTE
r-release-macos-arm64 1.2.1 35.00 NOTE
r-release-macos-x86_64 1.2.1 57.00 NOTE
r-release-windows-x86_64 1.2.1 11.00 90.00 101.00 NOTE
r-oldrel-macos-arm64 1.2.1 35.00 NOTE
r-oldrel-macos-x86_64 1.2.1 55.00 NOTE
r-oldrel-windows-ix86+x86_64 1.2.1 16.00 82.00 98.00 NOTE

Check Details

Version: 1.2.1
Check: LazyData
Result: NOTE
     'LazyData' is specified without a 'data' directory
Flavors: r-devel-linux-x86_64-debian-clang, r-devel-linux-x86_64-debian-gcc, r-devel-linux-x86_64-fedora-clang, r-devel-linux-x86_64-fedora-gcc, r-devel-windows-x86_64, r-patched-linux-x86_64, r-release-linux-x86_64, r-release-macos-arm64, r-release-macos-x86_64, r-release-windows-x86_64, r-oldrel-macos-arm64, r-oldrel-macos-x86_64, r-oldrel-windows-ix86+x86_64