CRAN Package Check Results for Package igraphinshiny

Last updated on 2022-08-19 00:54:36 CEST.

Flavor Version Tinstall Tcheck Ttotal Status Flags
r-devel-linux-x86_64-debian-clang 0.1 3.41 37.41 40.82 NOTE
r-devel-linux-x86_64-debian-gcc 0.1 2.83 29.67 32.50 NOTE
r-devel-linux-x86_64-fedora-clang 0.1 60.75 NOTE
r-devel-linux-x86_64-fedora-gcc 0.1 59.47 NOTE
r-devel-windows-x86_64 0.1 10.00 63.00 73.00 NOTE
r-patched-linux-x86_64 0.1 3.98 36.82 40.80 NOTE
r-release-linux-x86_64 0.1 NOTE
r-release-macos-arm64 0.1 22.00 NOTE
r-release-macos-x86_64 0.1 37.00 NOTE
r-release-windows-x86_64 0.1 12.00 66.00 78.00 NOTE
r-oldrel-macos-arm64 0.1 24.00 NOTE
r-oldrel-macos-x86_64 0.1 32.00 NOTE
r-oldrel-windows-ix86+x86_64 0.1 10.00 62.00 72.00 NOTE

Check Details

Version: 0.1
Check: LazyData
Result: NOTE
     'LazyData' is specified without a 'data' directory
Flavors: r-devel-linux-x86_64-debian-clang, r-devel-linux-x86_64-debian-gcc, r-devel-linux-x86_64-fedora-clang, r-devel-linux-x86_64-fedora-gcc, r-devel-windows-x86_64, r-patched-linux-x86_64, r-release-linux-x86_64, r-release-macos-arm64, r-release-macos-x86_64, r-release-windows-x86_64, r-oldrel-macos-arm64, r-oldrel-macos-x86_64, r-oldrel-windows-ix86+x86_64