CRAN Package Check Results for Package ifctools

Last updated on 2020-05-25 01:48:54 CEST.

Flavor Version Tinstall Tcheck Ttotal Status Flags
r-devel-linux-x86_64-debian-clang 0.3.2 3.06 20.05 23.11 OK
r-devel-linux-x86_64-debian-gcc 0.3.2 2.22 16.11 18.33 OK
r-devel-linux-x86_64-fedora-clang 0.3.2 27.99 NOTE
r-devel-linux-x86_64-fedora-gcc 0.3.2 27.65 NOTE
r-devel-windows-ix86+x86_64 0.3.2 18.00 47.00 65.00 OK
r-patched-linux-x86_64 0.3.2 2.64 19.94 22.58 OK
r-patched-solaris-x86 0.3.2 42.10 OK
r-release-linux-x86_64 0.3.2 2.75 20.13 22.88 OK
r-release-osx-x86_64 0.3.2 OK
r-release-windows-ix86+x86_64 0.3.2 14.00 62.00 76.00 OK
r-oldrel-osx-x86_64 0.3.2 OK
r-oldrel-windows-ix86+x86_64 0.3.2 11.00 56.00 67.00 OK

Check Details

Version: 0.3.2
Check: compiled code
Result: NOTE
    File ‘ifctools/libs/ifctools.so’:
     Found no calls to: ‘R_registerRoutines’, ‘R_useDynamicSymbols’
    
    It is good practice to register native routines and to disable symbol
    search.
    
    See ‘Writing portable packages’ in the ‘Writing R Extensions’ manual.
Flavors: r-devel-linux-x86_64-fedora-clang, r-devel-linux-x86_64-fedora-gcc