Last updated on 2022-08-11 06:51:46 CEST.
Flavor | Version | Tinstall | Tcheck | Ttotal | Status | Flags |
---|---|---|---|---|---|---|
r-devel-linux-x86_64-debian-clang | 5.1 | 115.35 | 191.59 | 306.94 | NOTE | |
r-devel-linux-x86_64-debian-gcc | 5.1 | 102.08 | 147.12 | 249.20 | NOTE | |
r-devel-linux-x86_64-fedora-clang | 5.1 | 408.75 | NOTE | |||
r-devel-linux-x86_64-fedora-gcc | 5.1 | 423.62 | NOTE | |||
r-devel-windows-x86_64 | 5.1 | 97.00 | 242.00 | 339.00 | NOTE | |
r-patched-linux-x86_64 | 5.1 | 107.91 | 175.33 | 283.24 | NOTE | |
r-release-linux-x86_64 | 5.1 | NOTE | ||||
r-release-macos-arm64 | 5.1 | 106.00 | NOTE | |||
r-release-macos-x86_64 | 5.1 | 232.00 | NOTE | |||
r-release-windows-x86_64 | 5.1 | 117.00 | 245.00 | 362.00 | NOTE | |
r-oldrel-macos-arm64 | 5.1 | 150.00 | NOTE | |||
r-oldrel-macos-x86_64 | 5.1 | 224.00 | NOTE | |||
r-oldrel-windows-ix86+x86_64 | 5.1 | 278.00 | 300.00 | 578.00 | NOTE |
Version: 5.1
Check: for GNU extensions in Makefiles
Result: NOTE
GNU make is a SystemRequirements.
Flavors: r-devel-linux-x86_64-debian-clang, r-devel-linux-x86_64-debian-gcc, r-devel-linux-x86_64-fedora-clang, r-devel-linux-x86_64-fedora-gcc, r-devel-windows-x86_64, r-patched-linux-x86_64, r-release-linux-x86_64, r-release-macos-arm64, r-release-macos-x86_64, r-release-windows-x86_64, r-oldrel-macos-arm64, r-oldrel-macos-x86_64, r-oldrel-windows-ix86+x86_64
Version: 5.1
Check: installed package size
Result: NOTE
installed size is 21.3Mb
sub-directories of 1Mb or more:
doc 1.2Mb
libs 19.5Mb
Flavors: r-devel-linux-x86_64-fedora-clang, r-release-macos-arm64, r-release-macos-x86_64, r-oldrel-macos-arm64, r-oldrel-macos-x86_64, r-oldrel-windows-ix86+x86_64