CRAN Package Check Results for Package idefix

Last updated on 2020-10-25 22:48:16 CET.

Flavor Version Tinstall Tcheck Ttotal Status Flags
r-devel-linux-x86_64-debian-clang 0.4.3 47.84 65.01 112.85 OK
r-devel-linux-x86_64-debian-gcc 0.4.3 32.95 48.38 81.33 OK
r-devel-linux-x86_64-fedora-clang 0.4.3 154.61 NOTE
r-devel-linux-x86_64-fedora-gcc 0.4.3 145.83 OK
r-devel-windows-ix86+x86_64 0.4.3 107.00 125.00 232.00 OK
r-patched-linux-x86_64 0.4.3 43.85 60.40 104.25 OK
r-patched-solaris-x86 0.4.3 152.40 OK
r-release-linux-x86_64 0.4.3 41.04 60.48 101.52 OK
r-release-macos-x86_64 0.4.3 OK
r-release-windows-ix86+x86_64 0.4.3 86.00 95.00 181.00 OK
r-oldrel-macos-x86_64 0.4.3 OK
r-oldrel-windows-ix86+x86_64 0.4.3 94.00 112.00 206.00 OK

Check Details

Version: 0.4.3
Check: Rd cross-references
Result: NOTE
    Undeclared packages ‘bayesm’, ‘ChoiceModelR’, ‘RSGHB’ in Rd xrefs
Flavor: r-devel-linux-x86_64-fedora-clang