CRAN Package Check Results for Package icosa

Last updated on 2020-05-30 13:51:27 CEST.

Flavor Version Tinstall Tcheck Ttotal Status Flags
r-devel-linux-x86_64-debian-clang 0.10.0 51.38 168.91 220.29 OK
r-devel-linux-x86_64-debian-gcc 0.10.0 36.13 127.86 163.99 OK
r-devel-linux-x86_64-fedora-clang 0.10.0 276.72 OK
r-devel-linux-x86_64-fedora-gcc 0.10.0 272.39 OK
r-devel-windows-ix86+x86_64 0.10.0 110.00 180.00 290.00 OK --no-vignettes
r-patched-linux-x86_64 0.10.0 43.13 164.86 207.99 OK
r-patched-solaris-x86 0.10.0 294.90 OK
r-release-linux-x86_64 0.10.0 40.02 168.28 208.30 OK
r-release-osx-x86_64 0.10.0 OK
r-release-windows-ix86+x86_64 0.10.0 100.00 176.00 276.00 OK --no-vignettes
r-oldrel-osx-x86_64 0.10.0 WARN
r-oldrel-windows-ix86+x86_64 0.10.0 115.00 143.00 258.00 OK --no-vignettes

Check Details

Version: 0.10.0
Check: whether package can be installed
Result: WARN
    Found the following significant warnings:
     Warning: 'rgl_init' failed, running with rgl.useNULL = TRUE
Flavor: r-oldrel-osx-x86_64

Version: 0.10.0
Check: dependencies in R code
Result: NOTE
    No protocol specified
Flavor: r-oldrel-osx-x86_64

Version: 0.10.0
Check: S3 generic/method consistency
Result: WARN
    No protocol specified
    See section ‘Generic functions and methods’ in the ‘Writing R
    Extensions’ manual.
Flavor: r-oldrel-osx-x86_64

Version: 0.10.0
Check: replacement functions
Result: WARN
    No protocol specified
    The argument of a replacement function which corresponds to the right
    hand side must be named ‘value’.
Flavor: r-oldrel-osx-x86_64

Version: 0.10.0
Check: foreign function calls
Result: NOTE
    No protocol specified
    See chapter ‘System and foreign language interfaces’ in the ‘Writing R
    Extensions’ manual.
Flavor: r-oldrel-osx-x86_64

Version: 0.10.0
Check: R code for possible problems
Result: NOTE
    No protocol specified
Flavor: r-oldrel-osx-x86_64

Version: 0.10.0
Check: for missing documentation entries
Result: WARN
    No protocol specified
    All user-level objects in a package should have documentation entries.
    See chapter ‘Writing R documentation files’ in the ‘Writing R
    Extensions’ manual.
Flavor: r-oldrel-osx-x86_64

Version: 0.10.0
Check: for code/documentation mismatches
Result: WARN
    No protocol specified
    No protocol specified
    No protocol specified
Flavor: r-oldrel-osx-x86_64

Version: 0.10.0
Check: Rd \usage sections
Result: NOTE
    No protocol specified
    The \usage entries for S3 methods should use the \method markup and not
    their full name.
    See chapter ‘Writing R documentation files’ in the ‘Writing R
    Extensions’ manual.
Flavor: r-oldrel-osx-x86_64