Last updated on 2023-02-05 00:55:24 CET.
Flavor | Version | Tinstall | Tcheck | Ttotal | Status | Flags |
---|---|---|---|---|---|---|
r-devel-linux-x86_64-debian-clang | 1.4 | 9.24 | 87.86 | 97.10 | NOTE | |
r-devel-linux-x86_64-debian-gcc | 1.4 | 8.32 | 67.47 | 75.79 | NOTE | |
r-devel-linux-x86_64-fedora-clang | 1.4 | 120.81 | NOTE | |||
r-devel-linux-x86_64-fedora-gcc | 1.4 | 122.10 | NOTE | |||
r-devel-windows-x86_64 | 1.4 | 20.00 | 118.00 | 138.00 | OK | |
r-patched-linux-x86_64 | 1.4 | 11.03 | 84.98 | 96.01 | NOTE | |
r-release-linux-x86_64 | 1.4 | 9.30 | 81.26 | 90.56 | NOTE | |
r-release-macos-arm64 | 1.4 | 35.00 | NOTE | |||
r-release-macos-x86_64 | 1.4 | 51.00 | NOTE | |||
r-release-windows-x86_64 | 1.4 | 24.00 | 128.00 | 152.00 | OK | |
r-oldrel-macos-arm64 | 1.4 | 35.00 | NOTE | |||
r-oldrel-macos-x86_64 | 1.4 | 55.00 | NOTE | |||
r-oldrel-windows-ix86+x86_64 | 1.4 | 20.00 | 112.00 | 132.00 | OK |
Version: 1.4
Check: package dependencies
Result: NOTE
Package suggested but not available for checking: ‘ICBayes’
Flavors: r-devel-linux-x86_64-debian-clang, r-devel-linux-x86_64-debian-gcc, r-devel-linux-x86_64-fedora-clang, r-devel-linux-x86_64-fedora-gcc, r-patched-linux-x86_64, r-release-linux-x86_64
Version: 1.4
Check: package dependencies
Result: NOTE
Package suggested but not available for checking: ‘mixAK’
Flavors: r-release-macos-arm64, r-release-macos-x86_64, r-oldrel-macos-arm64, r-oldrel-macos-x86_64