CRAN Package Check Results for Package ibdreg

Last updated on 2020-12-04 19:48:31 CET.

Flavor Version Tinstall Tcheck Ttotal Status Flags
r-devel-linux-x86_64-debian-clang 0.3.1 5.07 42.59 47.66 OK
r-devel-linux-x86_64-debian-gcc 0.3.1 4.34 33.77 38.11 OK
r-devel-linux-x86_64-fedora-clang 0.3.1 63.53 NOTE
r-devel-linux-x86_64-fedora-gcc 0.3.1 53.28 NOTE
r-devel-windows-ix86+x86_64 0.3.1 13.00 64.00 77.00 OK
r-patched-linux-x86_64 0.3.1 4.98 41.11 46.09 OK
r-patched-solaris-x86 0.3.1 74.00 OK
r-release-linux-x86_64 0.3.1 4.96 39.65 44.61 OK
r-release-macos-x86_64 0.3.1 OK
r-release-windows-ix86+x86_64 0.3.1 10.00 69.00 79.00 OK
r-oldrel-macos-x86_64 0.3.1 OK
r-oldrel-windows-ix86+x86_64 0.3.1 11.00 62.00 73.00 OK

Check Details

Version: 0.3.1
Check: compiled code
Result: NOTE
    File ‘ibdreg/libs/ibdreg.so’:
     Found no calls to: ‘R_registerRoutines’, ‘R_useDynamicSymbols’
    
    It is good practice to register native routines and to disable symbol
    search.
    
    See ‘Writing portable packages’ in the ‘Writing R Extensions’ manual.
Flavors: r-devel-linux-x86_64-fedora-clang, r-devel-linux-x86_64-fedora-gcc