CRAN Package Check Results for Package ibawds

Last updated on 2022-08-12 06:49:22 CEST.

Flavor Version Tinstall Tcheck Ttotal Status Flags
r-devel-linux-x86_64-debian-clang 0.5.0 3.55 53.70 57.25 OK
r-devel-linux-x86_64-debian-gcc 0.5.0 3.46 40.29 43.75 OK
r-devel-linux-x86_64-fedora-clang 0.5.0 81.92 NOTE
r-devel-linux-x86_64-fedora-gcc 0.5.0 81.29 NOTE
r-devel-windows-x86_64 0.5.0 21.00 144.00 165.00 OK
r-patched-linux-x86_64 0.5.0 4.12 51.07 55.19 OK
r-release-linux-x86_64 0.5.0 4.14 49.85 53.99 OK
r-release-macos-arm64 0.5.0 24.00 NOTE
r-release-macos-x86_64 0.5.0 35.00 NOTE
r-release-windows-x86_64 0.5.0 24.00 98.00 122.00 OK
r-oldrel-macos-arm64 0.5.0 20.00 NOTE
r-oldrel-macos-x86_64 0.5.0 34.00 NOTE
r-oldrel-windows-ix86+x86_64 0.5.0 10.00 77.00 87.00 OK

Check Details

Version: 0.5.0
Check: data for non-ASCII characters
Result: NOTE
     Note: found 1 marked UTF-8 string
Flavors: r-devel-linux-x86_64-fedora-clang, r-devel-linux-x86_64-fedora-gcc, r-release-macos-arm64, r-release-macos-x86_64, r-oldrel-macos-arm64, r-oldrel-macos-x86_64