Last updated on 2022-08-20 01:50:01 CEST.
Flavor | Version | Tinstall | Tcheck | Ttotal | Status | Flags |
---|---|---|---|---|---|---|
r-devel-linux-x86_64-debian-clang | 1.0.2 | 2.79 | 118.51 | 121.30 | NOTE | |
r-devel-linux-x86_64-debian-gcc | 1.0.2 | 2.09 | 86.18 | 88.27 | NOTE | |
r-devel-linux-x86_64-fedora-clang | 1.0.2 | 149.45 | NOTE | |||
r-devel-linux-x86_64-fedora-gcc | 1.0.2 | 144.54 | NOTE | |||
r-devel-windows-x86_64 | 1.0.2 | 16.00 | 151.00 | 167.00 | NOTE | |
r-patched-linux-x86_64 | 1.0.2 | 2.14 | 108.54 | 110.68 | NOTE | |
r-release-linux-x86_64 | 1.0.2 | NOTE | ||||
r-release-macos-arm64 | 1.0.2 | 56.00 | NOTE | |||
r-release-macos-x86_64 | 1.0.2 | 59.00 | NOTE | |||
r-release-windows-x86_64 | 1.0.2 | 12.00 | 158.00 | 170.00 | NOTE | |
r-oldrel-macos-arm64 | 1.0.2 | 68.00 | NOTE | |||
r-oldrel-macos-x86_64 | 1.0.2 | 83.00 | NOTE | |||
r-oldrel-windows-ix86+x86_64 | 1.0.2 | 5.00 | 142.00 | 147.00 | NOTE |
Version: 1.0.2
Check: LazyData
Result: NOTE
'LazyData' is specified without a 'data' directory
Flavors: r-devel-linux-x86_64-debian-clang, r-devel-linux-x86_64-debian-gcc, r-devel-linux-x86_64-fedora-clang, r-devel-linux-x86_64-fedora-gcc, r-devel-windows-x86_64, r-patched-linux-x86_64, r-release-linux-x86_64, r-release-macos-arm64, r-release-macos-x86_64, r-release-windows-x86_64, r-oldrel-macos-arm64, r-oldrel-macos-x86_64, r-oldrel-windows-ix86+x86_64