CRAN Package Check Results for Package iSTATS

Last updated on 2024-04-15 06:58:55 CEST.

Flavor Version Tinstall Tcheck Ttotal Status Flags
r-devel-linux-x86_64-debian-clang 1.7 8.72 64.68 73.40 OK
r-devel-linux-x86_64-debian-gcc 1.7 6.24 49.25 55.49 OK
r-devel-linux-x86_64-fedora-clang 1.7 96.78 NOTE
r-devel-linux-x86_64-fedora-gcc 1.7 87.38 NOTE
r-devel-windows-x86_64 1.7 9.00 66.00 75.00 OK
r-patched-linux-x86_64 1.7 7.88 63.12 71.00 OK
r-release-linux-x86_64 1.7 6.40 62.49 68.89 OK
r-release-macos-arm64 1.7 37.00 OK
r-release-macos-x86_64 1.7 72.00 OK
r-release-windows-x86_64 1.7 11.00 76.00 87.00 OK
r-oldrel-macos-arm64 1.7 37.00 OK
r-oldrel-windows-x86_64 1.7 11.00 84.00 95.00 OK

Check Details

Version: 1.7
Check: dependencies in R code
Result: NOTE Namespace in Imports field not imported from: ‘readr’ All declared Imports should be used. Flavors: r-devel-linux-x86_64-fedora-clang, r-devel-linux-x86_64-fedora-gcc