CRAN Package Check Results for Package iCARH

Last updated on 2020-10-25 22:48:16 CET.

Flavor Version Tinstall Tcheck Ttotal Status Flags
r-devel-linux-x86_64-debian-clang 2.0.2.1 10.70 266.74 277.44 OK
r-devel-linux-x86_64-debian-gcc 2.0.2.1 8.45 183.47 191.92 OK
r-devel-linux-x86_64-fedora-clang 2.0.2.1 345.07 OK
r-devel-linux-x86_64-fedora-gcc 2.0.2.1 301.08 OK
r-devel-windows-ix86+x86_64 2.0.2.1 27.00 251.00 278.00 OK
r-patched-linux-x86_64 2.0.2.1 6.41 233.63 240.04 OK
r-patched-solaris-x86 2.0.2.1 222.80 OK
r-release-linux-x86_64 2.0.2.1 6.62 229.93 236.55 OK
r-release-macos-x86_64 2.0.2.1 ERROR
r-release-windows-ix86+x86_64 2.0.2.1 16.00 174.00 190.00 OK
r-oldrel-macos-x86_64 2.0.2.1 WARN
r-oldrel-windows-ix86+x86_64 2.0.2.1 24.00 223.00 247.00 OK

Check Details

Version: 2.0.2.1
Check: package dependencies
Result: ERROR
    Package required but not available: ‘KEGGgraph’
    
    See section ‘The DESCRIPTION file’ in the ‘Writing R Extensions’
    manual.
Flavor: r-release-macos-x86_64

Version: 2.0.2.1
Check: re-building of vignette outputs
Result: WARN
    Error(s) in re-building vignettes:
     ...
    --- re-building ‘example.Rmd’ using rmarkdown
    Warning in engine$weave(file, quiet = quiet, encoding = enc) :
     Pandoc (>= 1.12.3) and/or pandoc-citeproc not available. Falling back to R Markdown v1.
    Quitting from lines 87-91 (example.Rmd)
    Error: processing vignette 'example.Rmd' failed with diagnostics:
    attempt to set an attribute on NULL
    --- failed re-building ‘example.Rmd’
    
    SUMMARY: processing the following file failed:
     ‘example.Rmd’
    
    Error: Vignette re-building failed.
    Execution halted
Flavor: r-oldrel-macos-x86_64