CRAN Package Check Results for Package iBATCGH

Last updated on 2022-10-04 07:49:49 CEST.

Flavor Version Tinstall Tcheck Ttotal Status Flags
r-devel-linux-x86_64-debian-clang 1.3.1 324.97 76.52 401.49 OK
r-devel-linux-x86_64-debian-gcc 1.3.1 263.71 58.68 322.39 OK
r-devel-linux-x86_64-fedora-clang 1.3.1 649.12 NOTE
r-devel-linux-x86_64-fedora-gcc 1.3.1 536.75 NOTE
r-devel-windows-x86_64 1.3.1 243.00 127.00 370.00 OK
r-patched-linux-x86_64 1.3.1 259.65 73.52 333.17 OK
r-release-linux-x86_64 1.3.1 277.32 74.22 351.54 OK
r-release-macos-arm64 1.3.1 116.00 NOTE
r-release-macos-x86_64 1.3.1 152.00 NOTE
r-release-windows-x86_64 1.3.1 246.00 125.00 371.00 OK
r-oldrel-macos-arm64 1.3.1 121.00 NOTE
r-oldrel-macos-x86_64 1.3.1 242.00 NOTE
r-oldrel-windows-ix86+x86_64 1.3.1 827.00 139.00 966.00 NOTE

Check Details

Version: 1.3.1
Check: compiled code
Result: NOTE
    File ‘iBATCGH/libs/iBATCGH.so’:
     Found no calls to: ‘R_registerRoutines’, ‘R_useDynamicSymbols’
    
    It is good practice to register native routines and to disable symbol
    search.
    
    See ‘Writing portable packages’ in the ‘Writing R Extensions’ manual.
Flavors: r-devel-linux-x86_64-fedora-clang, r-devel-linux-x86_64-fedora-gcc

Version: 1.3.1
Check: installed package size
Result: NOTE
     installed size is 9.1Mb
     sub-directories of 1Mb or more:
     data 3.0Mb
     libs 6.0Mb
Flavors: r-release-macos-arm64, r-release-macos-x86_64, r-oldrel-macos-arm64, r-oldrel-macos-x86_64, r-oldrel-windows-ix86+x86_64