CRAN Package Check Results for Package hyperbrick

Last updated on 2022-10-01 01:49:06 CEST.

Flavor Version Tinstall Tcheck Ttotal Status Flags
r-devel-linux-x86_64-debian-clang 1.0 30.80 300.66 331.46 OK
r-devel-linux-x86_64-debian-gcc 1.0 25.83 214.13 239.96 OK
r-devel-linux-x86_64-fedora-clang 1.0 401.42 NOTE
r-devel-linux-x86_64-fedora-gcc 1.0 390.01 OK
r-devel-windows-x86_64 1.0 44.00 285.00 329.00 NOTE
r-patched-linux-x86_64 1.0 36.36 288.89 325.25 OK
r-release-linux-x86_64 1.0 27.28 282.43 309.71 OK
r-release-macos-arm64 1.0 63.00 NOTE
r-release-macos-x86_64 1.0 144.00 NOTE
r-release-windows-x86_64 1.0 43.00 296.00 339.00 NOTE
r-oldrel-macos-arm64 1.0 65.00 NOTE
r-oldrel-macos-x86_64 1.0 105.00 NOTE
r-oldrel-windows-ix86+x86_64 1.0 69.00 291.00 360.00 NOTE

Check Details

Version: 1.0
Check: installed package size
Result: NOTE
     installed size is 6.3Mb
     sub-directories of 1Mb or more:
     exdata 6.1Mb
Flavors: r-devel-linux-x86_64-fedora-clang, r-devel-windows-x86_64, r-release-macos-arm64, r-release-macos-x86_64, r-release-windows-x86_64, r-oldrel-macos-arm64, r-oldrel-macos-x86_64, r-oldrel-windows-ix86+x86_64