Last updated on 2022-08-17 00:52:04 CEST.
Flavor | Version | Tinstall | Tcheck | Ttotal | Status | Flags |
---|---|---|---|---|---|---|
r-devel-linux-x86_64-debian-clang | 1.0.1 | 88.18 | 163.00 | 251.18 | OK | |
r-devel-linux-x86_64-debian-gcc | 1.0.1 | 70.74 | 119.58 | 190.32 | OK | |
r-devel-linux-x86_64-fedora-clang | 1.0.1 | 348.24 | NOTE | |||
r-devel-linux-x86_64-fedora-gcc | 1.0.1 | 313.09 | OK | |||
r-devel-windows-x86_64 | 1.0.1 | 138.00 | 232.00 | 370.00 | NOTE | |
r-patched-linux-x86_64 | 1.0.1 | 82.97 | 149.77 | 232.74 | OK | |
r-release-linux-x86_64 | 1.0.1 | 77.66 | 149.53 | 227.19 | OK | |
r-release-macos-arm64 | 1.0.1 | 90.00 | NOTE | |||
r-release-macos-x86_64 | 1.0.1 | 164.00 | NOTE | |||
r-release-windows-x86_64 | 1.0.1 | 136.00 | 243.00 | 379.00 | NOTE | |
r-oldrel-macos-arm64 | 1.0.1 | 95.00 | NOTE | |||
r-oldrel-macos-x86_64 | 1.0.1 | 142.00 | NOTE | |||
r-oldrel-windows-ix86+x86_64 | 1.0.1 | 218.00 | 310.00 | 528.00 | NOTE |
Version: 1.0.1
Check: installed package size
Result: NOTE
installed size is 6.5Mb
sub-directories of 1Mb or more:
extdata 5.6Mb
Flavors: r-devel-linux-x86_64-fedora-clang, r-devel-windows-x86_64, r-release-macos-arm64, r-release-macos-x86_64, r-release-windows-x86_64, r-oldrel-macos-arm64, r-oldrel-macos-x86_64, r-oldrel-windows-ix86+x86_64