CRAN Package Check Results for Package hybridModels

Last updated on 2025-01-18 00:48:33 CET.

Flavor Version Tinstall Tcheck Ttotal Status Flags
r-devel-linux-x86_64-debian-clang 0.3.7 3.48 33.74 37.22 NOTE
r-devel-linux-x86_64-debian-gcc 0.3.7 2.63 24.84 27.47 NOTE
r-devel-linux-x86_64-fedora-clang 0.3.7 62.05 OK
r-devel-linux-x86_64-fedora-gcc 0.3.7 58.25 OK
r-devel-windows-x86_64 0.3.7 5.00 61.00 66.00 NOTE
r-patched-linux-x86_64 0.3.7 8.00 31.22 39.22 OK
r-release-linux-x86_64 0.3.7 3.61 30.78 34.39 OK
r-release-macos-arm64 0.3.7 24.00 OK
r-release-macos-x86_64 0.3.7 35.00 OK
r-release-windows-x86_64 0.3.7 6.00 61.00 67.00 OK
r-oldrel-macos-arm64 0.3.7 24.00 OK
r-oldrel-macos-x86_64 0.3.7 34.00 OK
r-oldrel-windows-x86_64 0.3.7 5.00 66.00 71.00 OK

Check Details

Version: 0.3.7
Check: Rd cross-references
Result: NOTE Found the following Rd file(s) with Rd \link{} targets missing package anchors: hybridModel.Rd: GillespieSSA simHM.Rd: GillespieSSA Please provide package anchors for all Rd \link{} targets not in the package itself and the base packages. Flavors: r-devel-linux-x86_64-debian-clang, r-devel-linux-x86_64-debian-gcc, r-devel-windows-x86_64