CRAN Package Check Results for Package hwordcloud

Last updated on 2020-05-30 07:49:23 CEST.

Flavor Version Tinstall Tcheck Ttotal Status Flags
r-devel-linux-x86_64-debian-clang 0.1.0 2.59 27.88 30.47 OK
r-devel-linux-x86_64-debian-gcc 0.1.0 2.22 22.26 24.48 OK
r-devel-linux-x86_64-fedora-clang 0.1.0 38.11 NOTE
r-devel-linux-x86_64-fedora-gcc 0.1.0 38.36 NOTE
r-devel-windows-ix86+x86_64 0.1.0 13.00 62.00 75.00 OK
r-patched-linux-x86_64 0.1.0 2.44 27.60 30.04 OK
r-patched-solaris-x86 0.1.0 56.80 WARN
r-release-linux-x86_64 0.1.0 2.78 27.74 30.52 OK
r-release-osx-x86_64 0.1.0 NOTE
r-release-windows-ix86+x86_64 0.1.0 10.00 121.00 131.00 OK
r-oldrel-osx-x86_64 0.1.0 WARN
r-oldrel-windows-ix86+x86_64 0.1.0 7.00 45.00 52.00 OK

Check Details

Version: 0.1.0
Check: dependencies in R code
Result: NOTE
    Namespaces in Imports field not imported from:
     ‘colourpicker’ ‘shiny’ ‘wordcloud2’
     All declared Imports should be used.
Flavors: r-devel-linux-x86_64-fedora-clang, r-devel-linux-x86_64-fedora-gcc, r-patched-solaris-x86, r-release-osx-x86_64, r-oldrel-osx-x86_64

Version: 0.1.0
Check: re-building of vignette outputs
Result: WARN
    Error(s) in re-building vignettes:
     ...
    --- re-building ‘hwordcloud.Rmd’ using rmarkdown
    Warning in engine$weave(file, quiet = quiet, encoding = enc) :
     Pandoc (>= 1.12.3) and/or pandoc-citeproc not available. Falling back to R Markdown v1.
    Quitting from lines 48-53 (hwordcloud.Rmd)
    Error: processing vignette 'hwordcloud.Rmd' failed with diagnostics:
    there is no package called 'webshot'
    --- failed re-building ‘hwordcloud.Rmd’
    
    SUMMARY: processing the following file failed:
     ‘hwordcloud.Rmd’
    
    Error: Vignette re-building failed.
    Execution halted
Flavor: r-patched-solaris-x86

Version: 0.1.0
Check: re-building of vignette outputs
Result: WARN
    Error(s) in re-building vignettes:
     ...
    --- re-building ‘hwordcloud.Rmd’ using rmarkdown
    Warning in engine$weave(file, quiet = quiet, encoding = enc) :
     Pandoc (>= 1.12.3) and/or pandoc-citeproc not available. Falling back to R Markdown v1.
    Quitting from lines 48-53 (hwordcloud.Rmd)
    Error: processing vignette 'hwordcloud.Rmd' failed with diagnostics:
    cannot open the connection
    --- failed re-building ‘hwordcloud.Rmd’
    
    SUMMARY: processing the following file failed:
     ‘hwordcloud.Rmd’
    
    Error: Vignette re-building failed.
    Execution halted
Flavor: r-oldrel-osx-x86_64