CRAN Package Check Results for Package hunspell

Last updated on 2020-05-30 19:47:12 CEST.

Flavor Version Tinstall Tcheck Ttotal Status Flags
r-devel-linux-x86_64-debian-clang 3.0 65.66 41.71 107.37 OK
r-devel-linux-x86_64-debian-gcc 3.0 52.76 38.74 91.50 OK
r-devel-linux-x86_64-fedora-clang 3.0 172.10 NOTE
r-devel-linux-x86_64-fedora-gcc 3.0 145.67 OK
r-devel-windows-ix86+x86_64 3.0 158.00 144.00 302.00 NOTE
r-patched-linux-x86_64 3.0 54.22 48.34 102.56 OK
r-patched-solaris-x86 3.0 156.60 WARN
r-release-linux-x86_64 3.0 52.65 48.45 101.10 OK
r-release-osx-x86_64 3.0 NOTE
r-release-windows-ix86+x86_64 3.0 126.00 259.00 385.00 NOTE
r-oldrel-osx-x86_64 3.0 WARN
r-oldrel-windows-ix86+x86_64 3.0 170.00 117.00 287.00 OK

Check Details

Version: 3.0
Check: installed package size
Result: NOTE
     installed size is 8.7Mb
     sub-directories of 1Mb or more:
     dict 1.5Mb
     libs 6.1Mb
Flavors: r-devel-linux-x86_64-fedora-clang, r-devel-windows-ix86+x86_64, r-release-osx-x86_64, r-release-windows-ix86+x86_64, r-oldrel-osx-x86_64

Version: 3.0
Check: re-building of vignette outputs
Result: WARN
    Error(s) in re-building vignettes:
     ...
    --- re-building ‘intro.Rmd’ using rmarkdown
    Warning in engine$weave(file, quiet = quiet, encoding = enc) :
     Pandoc (>= 1.12.3) and/or pandoc-citeproc not available. Falling back to R Markdown v1.
    trying URL 'https://arxiv.org/e-print/1406.4806v1'
    Content type 'application/x-eprint-tar' length 29273 bytes (28 KB)
    ==================================================
    downloaded 28 KB
    
    Quitting from lines 161-165 (intro.Rmd)
    Error: processing vignette 'intro.Rmd' failed with diagnostics:
    there is no package called 'webshot'
    --- failed re-building ‘intro.Rmd’
    
    SUMMARY: processing the following file failed:
     ‘intro.Rmd’
    
    Error: Vignette re-building failed.
    Execution halted
Flavor: r-patched-solaris-x86

Version: 3.0
Check: re-building of vignette outputs
Result: WARN
    Error(s) in re-building vignettes:
     ...
    --- re-building ‘intro.Rmd’ using rmarkdown
    Warning in engine$weave(file, quiet = quiet, encoding = enc) :
     Pandoc (>= 1.12.3) and/or pandoc-citeproc not available. Falling back to R Markdown v1.
    trying URL 'https://arxiv.org/e-print/1406.4806v1'
    Content type 'application/x-eprint-tar' length 29273 bytes (28 KB)
    ==================================================
    downloaded 28 KB
    
    Quitting from lines 161-165 (intro.Rmd)
    Error: processing vignette 'intro.Rmd' failed with diagnostics:
    cannot open the connection
    --- failed re-building ‘intro.Rmd’
    
    SUMMARY: processing the following file failed:
     ‘intro.Rmd’
    
    Error: Vignette re-building failed.
    Execution halted
Flavor: r-oldrel-osx-x86_64