CRAN Package Check Results for Package huge

Last updated on 2020-05-30 19:47:12 CEST.

Flavor Version Tinstall Tcheck Ttotal Status Flags
r-devel-linux-x86_64-debian-clang 1.3.4.1 84.38 126.61 210.99 OK
r-devel-linux-x86_64-debian-gcc 1.3.4.1 59.78 101.25 161.03 OK
r-devel-linux-x86_64-fedora-clang 1.3.4.1 263.81 NOTE
r-devel-linux-x86_64-fedora-gcc 1.3.4.1 252.00 OK
r-devel-windows-ix86+x86_64 1.3.4.1 178.00 220.00 398.00 OK
r-patched-linux-x86_64 1.3.4.1 64.55 124.96 189.51 OK
r-patched-solaris-x86 1.3.4.1 288.80 OK
r-release-linux-x86_64 1.3.4.1 61.67 124.27 185.94 OK
r-release-osx-x86_64 1.3.4.1 NOTE
r-release-windows-ix86+x86_64 1.3.4.1 125.00 253.00 378.00 OK
r-oldrel-osx-x86_64 1.3.4.1 NOTE
r-oldrel-windows-ix86+x86_64 1.3.4.1 128.00 201.00 329.00 OK

Check Details

Version: 1.3.4.1
Check: installed package size
Result: NOTE
     installed size is 9.5Mb
     sub-directories of 1Mb or more:
     libs 8.0Mb
Flavors: r-devel-linux-x86_64-fedora-clang, r-release-osx-x86_64, r-oldrel-osx-x86_64