CRAN Package Check Results for Package httptest2

Last updated on 2022-10-05 06:51:23 CEST.

Flavor Version Tinstall Tcheck Ttotal Status Flags
r-devel-linux-x86_64-debian-clang 0.1.0 4.08 59.28 63.36 OK
r-devel-linux-x86_64-debian-gcc 0.1.0 3.14 45.12 48.26 OK
r-devel-linux-x86_64-fedora-clang 0.1.0 97.10 OK
r-devel-linux-x86_64-fedora-gcc 0.1.0 87.37 OK
r-devel-windows-x86_64 0.1.0 47.00 116.00 163.00 OK
r-patched-linux-x86_64 0.1.0 4.26 56.95 61.21 OK
r-release-linux-x86_64 0.1.0 4.31 56.54 60.85 OK
r-release-macos-arm64 0.1.0 28.00 OK
r-release-macos-x86_64 0.1.0 56.00 OK
r-release-windows-x86_64 0.1.0 35.00 125.00 160.00 OK
r-oldrel-macos-arm64 0.1.0 25.00 OK
r-oldrel-macos-x86_64 0.1.0 40.00 OK
r-oldrel-windows-ix86+x86_64 0.1.0 11.00 100.00 111.00 WARN

Check Details

Version: 0.1.0
Check: for unstated dependencies in ‘tests’
Result: WARN
    Warning: unable to access index for repository https://bioconductor.org/packages/3.14/bioc/src/contrib:
     cannot open URL 'https://bioconductor.org/packages/3.14/bioc/src/contrib/PACKAGES'
    Warning: unable to access index for repository https://bioconductor.org/packages/3.14/data/annotation/src/contrib:
     cannot open URL 'https://bioconductor.org/packages/3.14/data/annotation/src/contrib/PACKAGES'
    Warning: unable to access index for repository https://bioconductor.org/packages/3.14/data/experiment/src/contrib:
     cannot open URL 'https://bioconductor.org/packages/3.14/data/experiment/src/contrib/PACKAGES'
Flavor: r-oldrel-windows-ix86+x86_64