CRAN Package Check Results for Package httptest

Last updated on 2022-09-29 06:54:23 CEST.

Flavor Version Tinstall Tcheck Ttotal Status Flags
r-devel-linux-x86_64-debian-clang 4.1.0 3.92 63.77 67.69 OK
r-devel-linux-x86_64-debian-gcc 4.1.0 3.58 49.19 52.77 OK
r-devel-linux-x86_64-fedora-clang 4.1.0 97.69 OK
r-devel-linux-x86_64-fedora-gcc 4.1.0 96.56 OK
r-devel-windows-x86_64 4.1.0 41.00 112.00 153.00 OK
r-patched-linux-x86_64 4.1.0 4.41 62.40 66.81 OK
r-release-linux-x86_64 4.1.0 3.42 61.43 64.85 OK
r-release-macos-arm64 4.1.0 33.00 OK
r-release-macos-x86_64 4.1.0 67.00 OK
r-release-windows-x86_64 4.1.0 34.00 104.00 138.00 OK
r-oldrel-macos-arm64 4.1.0 32.00 OK
r-oldrel-macos-x86_64 4.1.0 40.00 OK
r-oldrel-windows-ix86+x86_64 4.1.0 12.00 106.00 118.00 WARN

Check Details

Version: 4.1.0
Check: for unstated dependencies in ‘tests’
Result: WARN
    Warning: unable to access index for repository https://bioconductor.org/packages/3.14/bioc/src/contrib:
     cannot open URL 'https://bioconductor.org/packages/3.14/bioc/src/contrib/PACKAGES'
    Warning: unable to access index for repository https://bioconductor.org/packages/3.14/data/annotation/src/contrib:
     cannot open URL 'https://bioconductor.org/packages/3.14/data/annotation/src/contrib/PACKAGES'
    Warning: unable to access index for repository https://bioconductor.org/packages/3.14/data/experiment/src/contrib:
     cannot open URL 'https://bioconductor.org/packages/3.14/data/experiment/src/contrib/PACKAGES'
Flavor: r-oldrel-windows-ix86+x86_64