Last updated on 2022-08-11 00:50:56 CEST.
Flavor | Version | Tinstall | Tcheck | Ttotal | Status | Flags |
---|---|---|---|---|---|---|
r-devel-linux-x86_64-debian-clang | 0.10.3 | 48.61 | 126.69 | 175.30 | OK | |
r-devel-linux-x86_64-debian-gcc | 0.10.3 | 38.63 | 98.90 | 137.53 | OK | |
r-devel-linux-x86_64-fedora-clang | 0.10.3 | 243.25 | NOTE | |||
r-devel-linux-x86_64-fedora-gcc | 0.10.3 | 225.45 | NOTE | |||
r-devel-windows-x86_64 | 0.10.3 | 48.00 | 176.00 | 224.00 | OK | |
r-patched-linux-x86_64 | 0.10.3 | 43.14 | 124.68 | 167.82 | OK | |
r-release-linux-x86_64 | 0.10.3 | OK | ||||
r-release-macos-arm64 | 0.10.3 | 64.00 | NOTE | |||
r-release-macos-x86_64 | 0.10.3 | 97.00 | NOTE | |||
r-release-windows-x86_64 | 0.10.3 | 49.00 | 176.00 | 225.00 | OK | |
r-oldrel-macos-arm64 | 0.10.3 | 76.00 | NOTE | |||
r-oldrel-macos-x86_64 | 0.10.3 | 106.00 | NOTE | |||
r-oldrel-windows-ix86+x86_64 | 0.10.3 | 104.00 | 272.00 | 376.00 | OK |
Version: 0.10.3
Check: installed package size
Result: NOTE
installed size is 8.7Mb
sub-directories of 1Mb or more:
libs 7.9Mb
Flavors: r-devel-linux-x86_64-fedora-clang, r-release-macos-arm64, r-release-macos-x86_64, r-oldrel-macos-arm64, r-oldrel-macos-x86_64
Version: 0.10.3
Check: dependencies in R code
Result: NOTE
Namespace in Imports field not imported from: ‘Matrix’
All declared Imports should be used.
Flavors: r-devel-linux-x86_64-fedora-clang, r-devel-linux-x86_64-fedora-gcc, r-release-macos-arm64, r-release-macos-x86_64, r-oldrel-macos-arm64, r-oldrel-macos-x86_64