CRAN Package Check Results for Package holiglm

Last updated on 2022-09-26 06:51:13 CEST.

Flavor Version Tinstall Tcheck Ttotal Status Flags
r-devel-linux-x86_64-debian-clang 0.2.1 35.75 314.59 350.34 NOTE
r-devel-linux-x86_64-debian-gcc 0.2.1 23.63 213.76 237.39 NOTE
r-devel-linux-x86_64-fedora-clang 0.2.1 408.68 NOTE
r-devel-linux-x86_64-fedora-gcc 0.2.1 448.05 NOTE
r-devel-windows-x86_64 0.2.1 41.00 280.00 321.00 NOTE
r-patched-linux-x86_64 0.2.1 38.20 294.53 332.73 NOTE
r-release-linux-x86_64 0.2.1 32.96 295.14 328.10 NOTE
r-release-macos-arm64 0.2.1 82.00 NOTE
r-release-macos-x86_64 0.2.1 112.00 NOTE
r-release-windows-x86_64 0.2.1 44.00 285.00 329.00 NOTE
r-oldrel-macos-arm64 0.2.1 74.00 NOTE
r-oldrel-macos-x86_64 0.2.1 110.00 NOTE
r-oldrel-windows-ix86+x86_64 0.2.1 73.00 333.00 406.00 NOTE

Check Details

Version: 0.2.1
Check: package dependencies
Result: NOTE
    Package suggested but not available for checking: 'ROI.plugin.mosek'
Flavors: r-devel-linux-x86_64-debian-clang, r-devel-linux-x86_64-debian-gcc, r-devel-linux-x86_64-fedora-clang, r-devel-linux-x86_64-fedora-gcc, r-devel-windows-x86_64, r-patched-linux-x86_64, r-release-linux-x86_64, r-release-macos-arm64, r-release-macos-x86_64, r-release-windows-x86_64, r-oldrel-macos-arm64, r-oldrel-macos-x86_64, r-oldrel-windows-ix86+x86_64