CRAN Package Check Results for Package hockeystick

Last updated on 2024-06-13 00:55:17 CEST.

Flavor Version Tinstall Tcheck Ttotal Status Flags
r-devel-linux-x86_64-debian-clang 0.8.4 11.91 80.25 92.16 OK
r-devel-linux-x86_64-debian-gcc 0.8.4 0.62 1.72 2.34 ERROR
r-devel-linux-x86_64-fedora-clang 0.8.4 114.31 OK
r-devel-linux-x86_64-fedora-gcc 0.8.4 104.15 OK
r-devel-windows-x86_64 0.8.4 10.00 80.00 90.00 OK
r-patched-linux-x86_64 0.8.4 12.66 76.19 88.85 OK
r-release-linux-x86_64 0.8.4 6.68 76.56 83.24 OK
r-release-macos-arm64 0.8.4 33.00 OK
r-release-macos-x86_64 0.8.4 51.00 OK
r-release-windows-x86_64 0.8.4 10.00 82.00 92.00 OK
r-oldrel-macos-arm64 0.8.4 38.00 OK
r-oldrel-macos-x86_64 0.8.4 81.00 OK
r-oldrel-windows-x86_64 0.8.4 14.00 97.00 111.00 OK

Check Details

Version: 0.8.4
Check: package dependencies
Result: ERROR Packages required but not available: 'ggplot2', 'lubridate', 'readr', 'dplyr', 'tidyr', 'patchwork', 'rvest', 'tibble', 'treemapify' See section ‘The DESCRIPTION file’ in the ‘Writing R Extensions’ manual. Flavor: r-devel-linux-x86_64-debian-gcc