CRAN Package Check Results for Package hoardeR

Last updated on 2024-06-18 18:49:03 CEST.

Flavor Version Tinstall Tcheck Ttotal Status Flags
r-devel-linux-x86_64-debian-clang 0.10 38.33 301.35 339.68 OK
r-devel-linux-x86_64-debian-gcc 0.10 26.08 227.15 253.23 OK
r-devel-linux-x86_64-fedora-clang 0.10 428.74 NOTE
r-devel-linux-x86_64-fedora-gcc 0.10 420.89 NOTE
r-devel-windows-x86_64 0.10 27.00 212.00 239.00 OK
r-patched-linux-x86_64 0.10 33.51 281.63 315.14 OK
r-release-linux-x86_64 0.10 28.99 291.83 320.82 OK
r-release-macos-arm64 0.10 130.00 OK
r-release-macos-x86_64 0.10 195.00 OK
r-release-windows-x86_64 0.10 27.00 218.00 245.00 OK
r-oldrel-macos-arm64 0.10 11.00 ERROR
r-oldrel-macos-x86_64 0.10 221.00 OK
r-oldrel-windows-x86_64 0.10 36.00 278.00 314.00 OK

Check Details

Version: 0.10
Check: dependencies in R code
Result: NOTE Namespaces in Imports field not imported from: ‘knitr’ ‘rmarkdown’ All declared Imports should be used. Flavors: r-devel-linux-x86_64-fedora-clang, r-devel-linux-x86_64-fedora-gcc

Version: 0.10
Check: whether package can be installed
Result: ERROR Installation failed. Flavor: r-oldrel-macos-arm64