CRAN Package Check Results for Package hoardeR

Last updated on 2022-09-24 21:51:04 CEST.

Flavor Version Tinstall Tcheck Ttotal Status Flags
r-devel-linux-x86_64-debian-clang 0.9.4-2 31.94 280.73 312.67 OK
r-devel-linux-x86_64-debian-gcc 0.9.4-2 25.84 208.23 234.07 OK
r-devel-linux-x86_64-fedora-clang 0.9.4-2 381.99 NOTE
r-devel-linux-x86_64-fedora-gcc 0.9.4-2 399.71 NOTE
r-devel-windows-x86_64 0.9.4-2 46.00 293.00 339.00 OK
r-patched-linux-x86_64 0.9.4-2 27.89 268.85 296.74 OK
r-release-linux-x86_64 0.9.4-2 26.30 272.79 299.09 OK
r-release-macos-arm64 0.9.4-2 93.00 NOTE
r-release-macos-x86_64 0.9.4-2 7.00 ERROR
r-release-windows-x86_64 0.9.4-2 39.00 268.00 307.00 OK
r-oldrel-macos-arm64 0.9.4-2 119.00 NOTE
r-oldrel-macos-x86_64 0.9.4-2 11.00 ERROR
r-oldrel-windows-ix86+x86_64 0.9.4-2 66.00 283.00 349.00 OK

Check Details

Version: 0.9.4-2
Check: dependencies in R code
Result: NOTE
    Namespaces in Imports field not imported from:
     ‘knitr’ ‘rmarkdown’
     All declared Imports should be used.
Flavors: r-devel-linux-x86_64-fedora-clang, r-devel-linux-x86_64-fedora-gcc, r-release-macos-arm64, r-oldrel-macos-arm64

Version: 0.9.4-2
Check: package dependencies
Result: ERROR
    Package required but not available: ‘bamsignals’
    
    See section ‘The DESCRIPTION file’ in the ‘Writing R Extensions’
    manual.
Flavors: r-release-macos-x86_64, r-oldrel-macos-x86_64