CRAN Package Check Results for Package hmgm

Last updated on 2020-10-21 13:49:55 CEST.

Flavor Version Tinstall Tcheck Ttotal Status Flags
r-devel-linux-x86_64-debian-clang 1.0.3 11.29 109.59 120.88 OK
r-devel-linux-x86_64-debian-gcc 1.0.3 10.32 80.64 90.96 OK
r-devel-linux-x86_64-fedora-clang 1.0.3 150.73 NOTE
r-devel-linux-x86_64-fedora-gcc 1.0.3 142.13 NOTE
r-devel-windows-ix86+x86_64 1.0.3 26.00 123.00 149.00 OK
r-patched-linux-x86_64 1.0.3 12.37 100.19 112.56 OK
r-patched-solaris-x86 1.0.3 202.20 NOTE
r-release-linux-x86_64 1.0.3 10.22 100.63 110.85 OK
r-release-macos-x86_64 1.0.3 NOTE
r-release-windows-ix86+x86_64 1.0.3 27.00 94.00 121.00 OK
r-oldrel-macos-x86_64 1.0.3 WARN
r-oldrel-windows-ix86+x86_64 1.0.3 23.00 116.00 139.00 OK

Check Details

Version: 1.0.3
Check: dependencies in R code
Result: NOTE
    Namespaces in Imports field not imported from:
     ‘Rcpp’ ‘methods’ ‘rgl’
     All declared Imports should be used.
Flavors: r-devel-linux-x86_64-fedora-clang, r-devel-linux-x86_64-fedora-gcc, r-patched-solaris-x86, r-release-macos-x86_64, r-oldrel-macos-x86_64

Version: 1.0.3
Check: whether package can be installed
Result: WARN
    Found the following significant warnings:
     Warning: 'rgl.init' failed, running with 'rgl.useNULL = TRUE'.
Flavor: r-oldrel-macos-x86_64