CRAN Package Check Results for Package hkex.api

Last updated on 2022-09-30 12:55:10 CEST.

Flavor Version Tinstall Tcheck Ttotal Status Flags
r-devel-linux-x86_64-debian-clang 0.1 4.02 38.69 42.71 NOTE
r-devel-linux-x86_64-debian-gcc 0.1 2.98 29.55 32.53 NOTE
r-devel-linux-x86_64-fedora-clang 0.1 63.17 NOTE
r-devel-linux-x86_64-fedora-gcc 0.1 67.16 NOTE
r-devel-windows-x86_64 0.1 7.00 71.00 78.00 NOTE
r-patched-linux-x86_64 0.1 3.26 37.86 41.12 NOTE
r-release-linux-x86_64 0.1 3.17 36.83 40.00 NOTE
r-release-macos-arm64 0.1 21.00 NOTE
r-release-macos-x86_64 0.1 28.00 NOTE
r-release-windows-x86_64 0.1 7.00 69.00 76.00 NOTE
r-oldrel-macos-arm64 0.1 25.00 NOTE
r-oldrel-macos-x86_64 0.1 34.00 NOTE
r-oldrel-windows-ix86+x86_64 0.1 9.00 61.00 70.00 NOTE

Check Details

Version: 0.1
Check: LazyData
Result: NOTE
     'LazyData' is specified without a 'data' directory
Flavors: r-devel-linux-x86_64-debian-clang, r-devel-linux-x86_64-debian-gcc, r-devel-linux-x86_64-fedora-clang, r-devel-linux-x86_64-fedora-gcc, r-devel-windows-x86_64, r-patched-linux-x86_64, r-release-linux-x86_64, r-release-macos-arm64, r-release-macos-x86_64, r-release-windows-x86_64, r-oldrel-macos-arm64, r-oldrel-macos-x86_64, r-oldrel-windows-ix86+x86_64