CRAN Package Check Results for Package histry

Last updated on 2022-11-27 06:52:58 CET.

Flavor Version Tinstall Tcheck Ttotal Status Flags
r-devel-linux-x86_64-debian-clang 0.2.4 9.10 73.55 82.65 NOTE
r-devel-linux-x86_64-debian-gcc 0.2.4 6.86 57.99 64.85 NOTE
r-devel-linux-x86_64-fedora-clang 0.2.4 114.98 NOTE
r-devel-linux-x86_64-fedora-gcc 0.2.4 118.91 NOTE
r-devel-windows-x86_64 0.2.4 21.00 109.00 130.00 OK
r-patched-linux-x86_64 0.2.4 8.73 73.02 81.75 NOTE
r-release-linux-x86_64 0.2.4 8.84 71.26 80.10 NOTE
r-release-macos-arm64 0.2.4 33.00 NOTE
r-release-macos-x86_64 0.2.4 45.00 NOTE
r-release-windows-x86_64 0.2.4 34.00 149.00 183.00 OK
r-oldrel-macos-arm64 0.2.4 42.00 OK
r-oldrel-macos-x86_64 0.2.4 54.00 OK
r-oldrel-windows-ix86+x86_64 0.2.4 21.00 105.00 126.00 OK

Check Details

Version: 0.2.4
Check: package dependencies
Result: NOTE
    Package suggested but not available for checking: 'trackr'
Flavors: r-devel-linux-x86_64-debian-clang, r-devel-linux-x86_64-debian-gcc, r-devel-linux-x86_64-fedora-clang, r-devel-linux-x86_64-fedora-gcc, r-patched-linux-x86_64, r-release-linux-x86_64, r-release-macos-arm64, r-release-macos-x86_64