CRAN Package Check Results for Package histry

Last updated on 2023-12-02 21:39:56 CET.

Flavor Version Tinstall Tcheck Ttotal Status Flags
r-devel-linux-x86_64-debian-clang 0.2.4 8.19 73.55 81.74 NOTE
r-devel-linux-x86_64-debian-gcc 0.2.4 6.45 56.95 63.40 NOTE
r-devel-linux-x86_64-fedora-clang 0.2.4 107.78 NOTE
r-devel-linux-x86_64-fedora-gcc 0.2.4 110.98 NOTE
r-devel-windows-x86_64 0.2.4 9.00 81.00 90.00 NOTE
r-patched-linux-x86_64 0.2.4 9.62 71.75 81.37 NOTE
r-release-linux-x86_64 0.2.4 8.47 72.48 80.95 NOTE
r-release-macos-arm64 0.2.4 41.00 NOTE
r-release-macos-x86_64 0.2.4 65.00 NOTE
r-release-windows-x86_64 0.2.4 12.00 89.00 101.00 NOTE
r-oldrel-macos-arm64 0.2.4 33.00 NOTE
r-oldrel-macos-x86_64 0.2.4 45.00 NOTE
r-oldrel-windows-x86_64 0.2.4 14.00 93.00 107.00 NOTE

Check Details

Version: 0.2.4
Check: package dependencies
Result: NOTE Package suggested but not available for checking: ‘trackr’ Flavors: r-devel-linux-x86_64-debian-clang, r-devel-linux-x86_64-debian-gcc, r-devel-linux-x86_64-fedora-clang, r-devel-linux-x86_64-fedora-gcc, r-devel-windows-x86_64, r-patched-linux-x86_64, r-release-linux-x86_64, r-release-macos-arm64, r-release-macos-x86_64, r-release-windows-x86_64, r-oldrel-macos-arm64, r-oldrel-macos-x86_64, r-oldrel-windows-x86_64